{"id":2874,"date":"2021-09-14T11:09:16","date_gmt":"2021-09-14T14:09:16","guid":{"rendered":"https:\/\/pacotedeplanilhas.com\/loja\/?post_type=product&#038;p=2874"},"modified":"2025-10-23T09:00:09","modified_gmt":"2025-10-23T12:00:09","slug":"dashboard-power-bi-gestao-financeira","status":"publish","type":"product","link":"https:\/\/pacotedeplanilhas.com\/loja\/store\/financeiro\/dashboard-power-bi-gestao-financeira\/","title":{"rendered":"DASHBOARD POWER BI &#8211; GEST\u00c3O FINANCEIRA"},"content":{"rendered":"<p>Produto completo para a automatiza\u00e7\u00e3o da sua gest\u00e3o financeira!<\/p>\n<p>&#8211; Dashboard em Power BI: an\u00e1lise de todos dados da empresa de forma interativa e cruzada.<\/p>\n<p>&#8211; Planilha Excel: arquivo para inser\u00e7\u00e3o e controle dos dados.<\/p>\n<p>&#8211; Treinamentos: v\u00eddeo-aulas com os principais conceitos da \u00e1rea financeira e tutorial de uso para melhor aproveitamento das an\u00e1lises.<\/p>\n","protected":false},"excerpt":{"rendered":"<p>Produto completo para a automatiza\u00e7\u00e3o da sua gest\u00e3o financeira! &#8211; Dashboard em Power BI: an\u00e1lise de todos dados da empresa de forma interativa e cruzada. &#8211; Planilha Excel: arquivo para inser\u00e7\u00e3o e controle dos dados. &#8211; Treinamentos: v\u00eddeo-aulas com os principais conceitos da \u00e1rea financeira e tutorial de uso para melhor aproveitamento das an\u00e1lises.<\/p>\n","protected":false},"featured_media":7448,"comment_status":"open","ping_status":"closed","template":"","meta":{"site-sidebar-layout":"default","site-content-layout":"default","ast-site-content-layout":"default","site-content-style":"default","site-sidebar-style":"default","ast-global-header-display":"","ast-banner-title-visibility":"","ast-main-header-display":"","ast-hfb-above-header-display":"","ast-hfb-below-header-display":"","ast-hfb-mobile-header-display":"","site-post-title":"","ast-breadcrumbs-content":"","ast-featured-img":"","footer-sml-layout":"","theme-transparent-header-meta":"default","adv-header-id-meta":"","stick-header-meta":"","header-above-stick-meta":"","header-main-stick-meta":"","header-below-stick-meta":"","astra-migrate-meta-layouts":"set","ast-page-background-enabled":"default","ast-page-background-meta":{"desktop":{"background-color":"","background-image":"","background-repeat":"repeat","background-position":"center center","background-size":"auto","background-attachment":"scroll","background-type":"","background-media":"","overlay-type":"","overlay-color":"","overlay-opacity":"","overlay-gradient":""},"tablet":{"background-color":"","background-image":"","background-repeat":"repeat","background-position":"center center","background-size":"auto","background-attachment":"scroll","background-type":"","background-media":"","overlay-type":"","overlay-color":"","overlay-opacity":"","overlay-gradient":""},"mobile":{"background-color":"","background-image":"","background-repeat":"repeat","background-position":"center center","background-size":"auto","background-attachment":"scroll","background-type":"","background-media":"","overlay-type":"","overlay-color":"","overlay-opacity":"","overlay-gradient":""}},"ast-content-background-meta":{"desktop":{"background-color":"var(--ast-global-color-5)","background-image":"","background-repeat":"repeat","background-position":"center center","background-size":"auto","background-attachment":"scroll","background-type":"","background-media":"","overlay-type":"","overlay-color":"","overlay-opacity":"","overlay-gradient":""},"tablet":{"background-color":"var(--ast-global-color-5)","background-image":"","background-repeat":"repeat","background-position":"center center","background-size":"auto","background-attachment":"scroll","background-type":"","background-media":"","overlay-type":"","overlay-color":"","overlay-opacity":"","overlay-gradient":""},"mobile":{"background-color":"var(--ast-global-color-5)","background-image":"","background-repeat":"repeat","background-position":"center center","background-size":"auto","background-attachment":"scroll","background-type":"","background-media":"","overlay-type":"","overlay-color":"","overlay-opacity":"","overlay-gradient":""}}},"product_brand":[],"product_cat":[991,176],"product_tag":[620,1103,815,766,1101,563,580,124,763,764,1099,1100,1102,816,1104,583,435,1046,1045,515],"class_list":{"0":"post-2874","1":"product","2":"type-product","3":"status-publish","4":"has-post-thumbnail","6":"product_cat-financeiro","7":"product_cat-power-bi","8":"product_tag-analise-de-custos","9":"product_tag-analise-de-dados-financeiros","10":"product_tag-analise-de-receitas","11":"product_tag-analise-financeira","12":"product_tag-automacao-de-relatorios-financeiros","13":"product_tag-business-intelligence","14":"product_tag-controle-financeiro","15":"product_tag-dashboard","16":"product_tag-fluxo-de-caixa","17":"product_tag-gestao-financeira","18":"product_tag-indicadores-de-desempenho-financeiro","19":"product_tag-kpis-financeiros","20":"product_tag-metricas-financeiras","21":"product_tag-monitoramento-financeiro","22":"product_tag-paineis-de-controle-financeiro","23":"product_tag-planejamento-financeiro","24":"product_tag-power-bi","25":"product_tag-power-bi-dashboard","26":"product_tag-relatorios-em-power-bi","27":"product_tag-visualizacao-de-dados","28":"desktop-align-left","29":"tablet-align-left","30":"mobile-align-left","32":"first","33":"instock","34":"virtual","35":"purchasable","36":"product-type-simple"},"_links":{"self":[{"href":"https:\/\/pacotedeplanilhas.com\/loja\/wp-json\/wp\/v2\/product\/2874","targetHints":{"allow":["GET"]}}],"collection":[{"href":"https:\/\/pacotedeplanilhas.com\/loja\/wp-json\/wp\/v2\/product"}],"about":[{"href":"https:\/\/pacotedeplanilhas.com\/loja\/wp-json\/wp\/v2\/types\/product"}],"replies":[{"embeddable":true,"href":"https:\/\/pacotedeplanilhas.com\/loja\/wp-json\/wp\/v2\/comments?post=2874"}],"version-history":[{"count":1,"href":"https:\/\/pacotedeplanilhas.com\/loja\/wp-json\/wp\/v2\/product\/2874\/revisions"}],"predecessor-version":[{"id":2882,"href":"https:\/\/pacotedeplanilhas.com\/loja\/wp-json\/wp\/v2\/product\/2874\/revisions\/2882"}],"wp:featuredmedia":[{"embeddable":true,"href":"https:\/\/pacotedeplanilhas.com\/loja\/wp-json\/wp\/v2\/media\/7448"}],"wp:attachment":[{"href":"https:\/\/pacotedeplanilhas.com\/loja\/wp-json\/wp\/v2\/media?parent=2874"}],"wp:term":[{"taxonomy":"product_brand","embeddable":true,"href":"https:\/\/pacotedeplanilhas.com\/loja\/wp-json\/wp\/v2\/product_brand?post=2874"},{"taxonomy":"product_cat","embeddable":true,"href":"https:\/\/pacotedeplanilhas.com\/loja\/wp-json\/wp\/v2\/product_cat?post=2874"},{"taxonomy":"product_tag","embeddable":true,"href":"https:\/\/pacotedeplanilhas.com\/loja\/wp-json\/wp\/v2\/product_tag?post=2874"}],"curies":[{"name":"wp","href":"https:\/\/api.w.org\/{rel}","templated":true}]}}