{"id":2908,"date":"2021-09-15T09:39:01","date_gmt":"2021-09-15T12:39:01","guid":{"rendered":"https:\/\/pacotedeplanilhas.com\/loja\/?post_type=product&#038;p=2908"},"modified":"2025-10-23T09:12:49","modified_gmt":"2025-10-23T12:12:49","slug":"dashboard-power-bi-gestao-de-projetos","status":"publish","type":"product","link":"https:\/\/pacotedeplanilhas.com\/loja\/store\/gerenciamento-de-projetos\/dashboard-power-bi-gestao-de-projetos\/","title":{"rendered":"DASHBOARD POWER BI &#8211; GEST\u00c3O DE PROJETOS 1.0"},"content":{"rendered":"<p>Utilize o Dashboard de Gest\u00e3o de Projeto e acompanhe os seus projetos por setor, respons\u00e1vel, status e prazo.<\/p>\n<p>Planilha de Projetos em Excel<\/p>\n<p>A planilha em Excel \u00e9 a base de dados para alimentar o Power BI. Voc\u00ea vai inserir as informa\u00e7\u00f5es do projeto em cada coluna.<\/p>\n<p>Dashboards no Power BI<\/p>\n<p>Depois de preencher a planilha no Excel com seus dados, basta atualizar o arquivo que os gr\u00e1ficos ser\u00e3o atualizados automaticamente.<\/p>\n<p>Caso tenha experi\u00eancia com Power BI, voc\u00ea poder\u00e1 modificar os gr\u00e1ficos e criar suas pr\u00f3prias visualiza\u00e7\u00f5es, o arquivo \u00e9 totalmente edit\u00e1vel.<\/p>\n","protected":false},"excerpt":{"rendered":"<p>Utilize o Dashboard de Gest\u00e3o de Projeto e acompanhe os seus projetos por setor, respons\u00e1vel, status e prazo. Planilha de Projetos em Excel A planilha em Excel \u00e9 a base de dados para alimentar o Power BI. Voc\u00ea vai inserir as informa\u00e7\u00f5es do projeto em cada coluna. Dashboards no Power BI Depois de preencher a [&hellip;]<\/p>\n","protected":false},"featured_media":7450,"comment_status":"open","ping_status":"closed","template":"","meta":{"site-sidebar-layout":"default","site-content-layout":"default","ast-site-content-layout":"default","site-content-style":"default","site-sidebar-style":"default","ast-global-header-display":"","ast-banner-title-visibility":"","ast-main-header-display":"","ast-hfb-above-header-display":"","ast-hfb-below-header-display":"","ast-hfb-mobile-header-display":"","site-post-title":"","ast-breadcrumbs-content":"","ast-featured-img":"","footer-sml-layout":"","theme-transparent-header-meta":"default","adv-header-id-meta":"","stick-header-meta":"","header-above-stick-meta":"","header-main-stick-meta":"","header-below-stick-meta":"","astra-migrate-meta-layouts":"set","ast-page-background-enabled":"default","ast-page-background-meta":{"desktop":{"background-color":"","background-image":"","background-repeat":"repeat","background-position":"center center","background-size":"auto","background-attachment":"scroll","background-type":"","background-media":"","overlay-type":"","overlay-color":"","overlay-opacity":"","overlay-gradient":""},"tablet":{"background-color":"","background-image":"","background-repeat":"repeat","background-position":"center center","background-size":"auto","background-attachment":"scroll","background-type":"","background-media":"","overlay-type":"","overlay-color":"","overlay-opacity":"","overlay-gradient":""},"mobile":{"background-color":"","background-image":"","background-repeat":"repeat","background-position":"center center","background-size":"auto","background-attachment":"scroll","background-type":"","background-media":"","overlay-type":"","overlay-color":"","overlay-opacity":"","overlay-gradient":""}},"ast-content-background-meta":{"desktop":{"background-color":"var(--ast-global-color-5)","background-image":"","background-repeat":"repeat","background-position":"center center","background-size":"auto","background-attachment":"scroll","background-type":"","background-media":"","overlay-type":"","overlay-color":"","overlay-opacity":"","overlay-gradient":""},"tablet":{"background-color":"var(--ast-global-color-5)","background-image":"","background-repeat":"repeat","background-position":"center center","background-size":"auto","background-attachment":"scroll","background-type":"","background-media":"","overlay-type":"","overlay-color":"","overlay-opacity":"","overlay-gradient":""},"mobile":{"background-color":"var(--ast-global-color-5)","background-image":"","background-repeat":"repeat","background-position":"center center","background-size":"auto","background-attachment":"scroll","background-type":"","background-media":"","overlay-type":"","overlay-color":"","overlay-opacity":"","overlay-gradient":""}}},"product_brand":[],"product_cat":[996,176],"product_tag":[1078,620,554,1079,1074,1059,1051,563,874,1075,124,565,1080,258,622,829,867,1047,1076,827,1053,1077,791,435,1046,451,1058,1045,875,1081,515],"class_list":{"0":"post-2908","1":"product","2":"type-product","3":"status-publish","4":"has-post-thumbnail","6":"product_cat-gerenciamento-de-projetos","7":"product_cat-power-bi","8":"product_tag-acompanhamento-de-projetos","9":"product_tag-analise-de-custos","10":"product_tag-analise-de-dados","11":"product_tag-analise-de-progresso","12":"product_tag-analise-de-projetos","13":"product_tag-analise-de-riscos","14":"product_tag-automacao-de-relatorios","15":"product_tag-business-intelligence","16":"product_tag-controle-de-projetos","17":"product_tag-cronograma","18":"product_tag-dashboard","19":"product_tag-ferramentas-de-bi","20":"product_tag-gestao-de-equipes","21":"product_tag-gestao-de-projetos","22":"product_tag-gestao-de-recursos","23":"product_tag-gestao-de-tarefas","24":"product_tag-indicadores-de-desempenho","25":"product_tag-kpis","26":"product_tag-metricas-de-projetos","27":"product_tag-monitoramento-de-projetos","28":"product_tag-paineis-de-controle","29":"product_tag-performance-de-projetos","30":"product_tag-planejamento-de-projetos","31":"product_tag-power-bi","32":"product_tag-power-bi-dashboard","33":"product_tag-produtividade","34":"product_tag-relatorios-dinamicos","35":"product_tag-relatorios-em-power-bi","36":"product_tag-relatorios-gerenciais","37":"product_tag-status-de-projetos","38":"product_tag-visualizacao-de-dados","39":"desktop-align-left","40":"tablet-align-left","41":"mobile-align-left","43":"first","44":"instock","45":"virtual","46":"purchasable","47":"product-type-simple"},"_links":{"self":[{"href":"https:\/\/pacotedeplanilhas.com\/loja\/wp-json\/wp\/v2\/product\/2908","targetHints":{"allow":["GET"]}}],"collection":[{"href":"https:\/\/pacotedeplanilhas.com\/loja\/wp-json\/wp\/v2\/product"}],"about":[{"href":"https:\/\/pacotedeplanilhas.com\/loja\/wp-json\/wp\/v2\/types\/product"}],"replies":[{"embeddable":true,"href":"https:\/\/pacotedeplanilhas.com\/loja\/wp-json\/wp\/v2\/comments?post=2908"}],"version-history":[{"count":3,"href":"https:\/\/pacotedeplanilhas.com\/loja\/wp-json\/wp\/v2\/product\/2908\/revisions"}],"predecessor-version":[{"id":7470,"href":"https:\/\/pacotedeplanilhas.com\/loja\/wp-json\/wp\/v2\/product\/2908\/revisions\/7470"}],"wp:featuredmedia":[{"embeddable":true,"href":"https:\/\/pacotedeplanilhas.com\/loja\/wp-json\/wp\/v2\/media\/7450"}],"wp:attachment":[{"href":"https:\/\/pacotedeplanilhas.com\/loja\/wp-json\/wp\/v2\/media?parent=2908"}],"wp:term":[{"taxonomy":"product_brand","embeddable":true,"href":"https:\/\/pacotedeplanilhas.com\/loja\/wp-json\/wp\/v2\/product_brand?post=2908"},{"taxonomy":"product_cat","embeddable":true,"href":"https:\/\/pacotedeplanilhas.com\/loja\/wp-json\/wp\/v2\/product_cat?post=2908"},{"taxonomy":"product_tag","embeddable":true,"href":"https:\/\/pacotedeplanilhas.com\/loja\/wp-json\/wp\/v2\/product_tag?post=2908"}],"curies":[{"name":"wp","href":"https:\/\/api.w.org\/{rel}","templated":true}]}}