{"id":3740,"date":"2022-11-09T16:58:22","date_gmt":"2022-11-09T19:58:22","guid":{"rendered":"https:\/\/pacotedeplanilhas.com\/loja\/?post_type=product&#038;p=3740"},"modified":"2024-07-17T21:53:39","modified_gmt":"2024-07-18T00:53:39","slug":"planilha-dashboard-matriz-de-treinamentos","status":"publish","type":"product","link":"https:\/\/pacotedeplanilhas.com\/loja\/store\/planilhas-em-excel\/planilha-dashboard-matriz-de-treinamentos\/","title":{"rendered":"Planilha Dashboard Matriz de Treinamentos Seguran\u00e7a do Trabalho"},"content":{"rendered":"<p>Ap\u00f3s a compra do produto me mande o seu e-mail para construindosonhos2018@gmail.com ou me chame no WhatsApp 38 998460929 (Miguel Rodrigues)<\/p>\n<p>Planilha Dashboard Matriz de Treinamentos Seguran\u00e7a do Trabalho<\/p>\n<p>Nos lan\u00e7amentos da Planilha:<\/p>\n<p>C\u00e9lulas Manuais em cinza:<\/p>\n<p>\u2013 Matricula, data do treinamento.<\/p>\n<p>C\u00e9lulas Manuais na cor branca:<\/p>\n<p>\u2013 Treinamento;<\/p>\n<p>\u2013 C\u00e9lulas automaticas fica na cor branca:<\/p>\n<p>\u2013 Status, colaborador, fun\u00e7\u00e3o, \u00e1rea, meses, data da pr\u00f3xima atualiza\u00e7\u00e3o, alerta de 30 dias, alerta de 60 dias, m\u00eas e ano;<\/p>\n<p>Na parte de Cadastro do Funcion\u00e1rio da planilha:<\/p>\n<p>\u2013 Matricula, status, colaborador, fun\u00e7\u00e3o e \u00e1rea.<\/p>\n<p>Na parte de Cadastro de treinamentos com at\u00e9 35 op\u00e7\u00f5es de treinamentos:<\/p>\n<p>\u2013 N\u00ba, treinamento, interno\/externo, empresa, validade (meses), observa\u00e7\u00e3o, crit\u00e9rio de alerta amarelo, crit\u00e9rio de alerta vermelho.<\/p>\n<p>Na parte de Cadastro na Matriz de treinamentos com 35 op\u00e7\u00f5es de treinamentos, j\u00e1 cadastrados da outra aba:<\/p>\n<p>\u2013 Cadastra da \u00e1rea e da fun\u00e7\u00e3o que vai receber o tipo de treinamento.<\/p>\n<p>O dashboard da planilha cont\u00eam as seguintes informa\u00e7\u00f5es:<\/p>\n<p>Valores totais:<\/p>\n<p>\u2013 Quantidade atual de funcion\u00e1rio, quantidade de funcion\u00e1rios treinados, quantidade de treinamentos ministrados;<\/p>\n<p>Gr\u00e1ficos:<\/p>\n<p>\u2013 Quantidade mensal de treinamentos ministrados, treinados por \u00e1rea, Quantidade de funcion\u00e1rios treinados por \u00e1rea, TO5 treinamentos;<\/p>\n<p>Os filtros em forma de Segmenta\u00e7\u00e3o de dados:<\/p>\n<p>\u2013 Ano, m\u00eas, \u00e1rea, treinamento e funcion\u00e1rio.<\/p>\n<p>O Dashboard ainda conta com um relat\u00f3rio do funcion\u00e1rio que mostra quantos treinamentos ele fez, sua fun\u00e7\u00e3o e outros.<\/p>\n<p>Planilha 100% edit\u00e1vel<\/p>\n<p>PR\u00c9-REQUISITOS:<br \/>\nTer qualquer vers\u00e3o do EXCEL instalada no computador.<\/p>\n<p>VANTAGENS:<br \/>\nSimplicidade em usar e c\u00e1lculos precisos.<\/p>\n<p>INFORMA\u00c7\u00d5ES \u00daTEIS:<br \/>\nSuporte p\u00f3s-venda, via e-mail, para esclarecer quaisquer d\u00favidas que possam surgir.<br \/>\nPlanilha original, comercializada pelo pr\u00f3prio desenvolvedor.<\/p>\n","protected":false},"excerpt":{"rendered":"<p>Ap\u00f3s a compra do produto me mande o seu e-mail para construindosonhos2018@gmail.com ou me chame no WhatsApp 38 998460929 (Miguel Rodrigues) Planilha Dashboard Matriz de Treinamentos Seguran\u00e7a do Trabalho Nos lan\u00e7amentos da Planilha: C\u00e9lulas Manuais em cinza: \u2013 Matricula, data do treinamento. C\u00e9lulas Manuais na cor branca: \u2013 Treinamento; \u2013 C\u00e9lulas automaticas fica na cor [&hellip;]<\/p>\n","protected":false},"featured_media":3741,"comment_status":"open","ping_status":"closed","template":"","meta":{"site-sidebar-layout":"default","site-content-layout":"default","ast-site-content-layout":"","site-content-style":"default","site-sidebar-style":"default","ast-global-header-display":"","ast-banner-title-visibility":"","ast-main-header-display":"","ast-hfb-above-header-display":"","ast-hfb-below-header-display":"","ast-hfb-mobile-header-display":"","site-post-title":"","ast-breadcrumbs-content":"","ast-featured-img":"","footer-sml-layout":"","theme-transparent-header-meta":"default","adv-header-id-meta":"","stick-header-meta":"","header-above-stick-meta":"","header-main-stick-meta":"","header-below-stick-meta":"","astra-migrate-meta-layouts":"default","ast-page-background-enabled":"default","ast-page-background-meta":{"desktop":{"background-color":"","background-image":"","background-repeat":"repeat","background-position":"center center","background-size":"auto","background-attachment":"scroll","background-type":"","background-media":"","overlay-type":"","overlay-color":"","overlay-opacity":"","overlay-gradient":""},"tablet":{"background-color":"","background-image":"","background-repeat":"repeat","background-position":"center center","background-size":"auto","background-attachment":"scroll","background-type":"","background-media":"","overlay-type":"","overlay-color":"","overlay-opacity":"","overlay-gradient":""},"mobile":{"background-color":"","background-image":"","background-repeat":"repeat","background-position":"center center","background-size":"auto","background-attachment":"scroll","background-type":"","background-media":"","overlay-type":"","overlay-color":"","overlay-opacity":"","overlay-gradient":""}},"ast-content-background-meta":{"desktop":{"background-color":"var(--ast-global-color-5)","background-image":"","background-repeat":"repeat","background-position":"center center","background-size":"auto","background-attachment":"scroll","background-type":"","background-media":"","overlay-type":"","overlay-color":"","overlay-opacity":"","overlay-gradient":""},"tablet":{"background-color":"var(--ast-global-color-5)","background-image":"","background-repeat":"repeat","background-position":"center center","background-size":"auto","background-attachment":"scroll","background-type":"","background-media":"","overlay-type":"","overlay-color":"","overlay-opacity":"","overlay-gradient":""},"mobile":{"background-color":"var(--ast-global-color-5)","background-image":"","background-repeat":"repeat","background-position":"center center","background-size":"auto","background-attachment":"scroll","background-type":"","background-media":"","overlay-type":"","overlay-color":"","overlay-opacity":"","overlay-gradient":""}}},"product_brand":[],"product_cat":[120,990,994],"product_tag":[328,325,326,321,327,329,324,323,322],"class_list":{"0":"post-3740","1":"product","2":"type-product","3":"status-publish","4":"has-post-thumbnail","6":"product_cat-planilhas-em-excel","7":"product_cat-recursos-humanos","8":"product_cat-seguranca-do-trabalho","9":"product_tag-dashboard-de-treinamentos","10":"product_tag-matriz-de-treinamentos","11":"product_tag-matriz-de-treinamentos-sst","12":"product_tag-planilha-dashboard-matriz-de-treinamentos-seguranca-do-trabalho","13":"product_tag-planilha-de-treinamentos","14":"product_tag-treinamentos-empresa","15":"product_tag-treinamentos-saude-e-seguranca","16":"product_tag-treinamentos-seguranca-do-trabalho","17":"product_tag-treinamentos-sst","18":"desktop-align-left","19":"tablet-align-left","20":"mobile-align-left","22":"first","23":"instock","24":"virtual","25":"purchasable","26":"product-type-simple"},"_links":{"self":[{"href":"https:\/\/pacotedeplanilhas.com\/loja\/wp-json\/wp\/v2\/product\/3740","targetHints":{"allow":["GET"]}}],"collection":[{"href":"https:\/\/pacotedeplanilhas.com\/loja\/wp-json\/wp\/v2\/product"}],"about":[{"href":"https:\/\/pacotedeplanilhas.com\/loja\/wp-json\/wp\/v2\/types\/product"}],"replies":[{"embeddable":true,"href":"https:\/\/pacotedeplanilhas.com\/loja\/wp-json\/wp\/v2\/comments?post=3740"}],"version-history":[{"count":1,"href":"https:\/\/pacotedeplanilhas.com\/loja\/wp-json\/wp\/v2\/product\/3740\/revisions"}],"predecessor-version":[{"id":3748,"href":"https:\/\/pacotedeplanilhas.com\/loja\/wp-json\/wp\/v2\/product\/3740\/revisions\/3748"}],"wp:featuredmedia":[{"embeddable":true,"href":"https:\/\/pacotedeplanilhas.com\/loja\/wp-json\/wp\/v2\/media\/3741"}],"wp:attachment":[{"href":"https:\/\/pacotedeplanilhas.com\/loja\/wp-json\/wp\/v2\/media?parent=3740"}],"wp:term":[{"taxonomy":"product_brand","embeddable":true,"href":"https:\/\/pacotedeplanilhas.com\/loja\/wp-json\/wp\/v2\/product_brand?post=3740"},{"taxonomy":"product_cat","embeddable":true,"href":"https:\/\/pacotedeplanilhas.com\/loja\/wp-json\/wp\/v2\/product_cat?post=3740"},{"taxonomy":"product_tag","embeddable":true,"href":"https:\/\/pacotedeplanilhas.com\/loja\/wp-json\/wp\/v2\/product_tag?post=3740"}],"curies":[{"name":"wp","href":"https:\/\/api.w.org\/{rel}","templated":true}]}}