{"id":3821,"date":"2022-12-09T18:23:56","date_gmt":"2022-12-09T21:23:56","guid":{"rendered":"https:\/\/pacotedeplanilhas.com\/loja\/?post_type=product&#038;p=3821"},"modified":"2024-07-17T21:52:35","modified_gmt":"2024-07-18T00:52:35","slug":"planilha-dashboard-controle-de-rebanho","status":"publish","type":"product","link":"https:\/\/pacotedeplanilhas.com\/loja\/store\/planilhas-em-excel\/planilha-dashboard-controle-de-rebanho\/","title":{"rendered":"Planilha Dashboard Controle de rebanho"},"content":{"rendered":"<p>Ap\u00f3s a compra do produto me mande o seu e-mail para construindosonhos2018@gmail.com ou me chame no WhatsApp 38 998460929 (Miguel Rodrigues)<\/p>\n<p>Planilha Dashboard Controle de rebanho<\/p>\n<p>Nos lan\u00e7amentos da Planilha:<\/p>\n<p>C\u00e9lulas Manuais em branco:<\/p>\n<p>\u2013 Data, lote, pasto, quantidade cabe\u00e7as, peso m\u00e9dio (kg), respons\u00e1vel, quantidade fornecida (ra\u00e7\u00e3o)<\/p>\n<p>C\u00e9lulas autom\u00e1ticas na cor cinza:<\/p>\n<p>\u2013 Quantidade dia m\u00eas, peso em @arroba, m\u00eas e ano;<\/p>\n<p>C\u00e9lulas azuis com lista suspensa:<\/p>\n<p>\u2013 Pasto, categoria dos animais, status, nutri\u00e7\u00e3o fornecida;<\/p>\n<p>Na parte de Cadastro da planilha:<\/p>\n<p>\u2013 Categorias dos animais, pasto, local do pasto, nutri\u00e7\u00e3o, respons\u00e1vel e status;<\/p>\n<p>O dashboard de Controle de rebanho da planilha cont\u00eam as seguintes informa\u00e7\u00f5es:<\/p>\n<p>Valores totais:<\/p>\n<p>\u2013 Quantidade de animais, quantidade de consumo;<\/p>\n<p>Gr\u00e1ficos:<\/p>\n<p>\u2013 Quantidade mensal de consumo, Quantidade de animais por pasto, Quantidade de animais por categoria, Quantiade de ra\u00e7\u00e3o (nutri\u00e7\u00e3o) consumida;<\/p>\n<p>Os filtros em forma de Segmenta\u00e7\u00e3o de dados:<\/p>\n<p>\u2013 Ano, m\u00eas, pasto, local e categoria.<\/p>\n<p>Planilha 100% edit\u00e1vel<\/p>\n<p>PR\u00c9-REQUISITOS:<br \/>\nTer qualquer vers\u00e3o do EXCEL instalada no computador.<\/p>\n<p>VANTAGENS:<br \/>\nSimplicidade em usar e c\u00e1lculos precisos.<\/p>\n<p>INFORMA\u00c7\u00d5ES \u00daTEIS:<br \/>\nSuporte p\u00f3s-venda, via e-mail, para esclarecer quaisquer d\u00favidas que possam surgir.<br \/>\nPlanilha original, comercializada pelo pr\u00f3prio desenvolvedor.<\/p>\n","protected":false},"excerpt":{"rendered":"<p>Ap\u00f3s a compra do produto me mande o seu e-mail para construindosonhos2018@gmail.com ou me chame no WhatsApp 38 998460929 (Miguel Rodrigues) Planilha Dashboard Controle de rebanho Nos lan\u00e7amentos da Planilha: C\u00e9lulas Manuais em branco: \u2013 Data, lote, pasto, quantidade cabe\u00e7as, peso m\u00e9dio (kg), respons\u00e1vel, quantidade fornecida (ra\u00e7\u00e3o) C\u00e9lulas autom\u00e1ticas na cor cinza: \u2013 Quantidade dia [&hellip;]<\/p>\n","protected":false},"featured_media":3822,"comment_status":"open","ping_status":"closed","template":"","meta":{"site-sidebar-layout":"default","site-content-layout":"default","ast-site-content-layout":"","site-content-style":"default","site-sidebar-style":"default","ast-global-header-display":"","ast-banner-title-visibility":"","ast-main-header-display":"","ast-hfb-above-header-display":"","ast-hfb-below-header-display":"","ast-hfb-mobile-header-display":"","site-post-title":"","ast-breadcrumbs-content":"","ast-featured-img":"","footer-sml-layout":"","theme-transparent-header-meta":"default","adv-header-id-meta":"","stick-header-meta":"","header-above-stick-meta":"","header-main-stick-meta":"","header-below-stick-meta":"","astra-migrate-meta-layouts":"default","ast-page-background-enabled":"default","ast-page-background-meta":{"desktop":{"background-color":"","background-image":"","background-repeat":"repeat","background-position":"center center","background-size":"auto","background-attachment":"scroll","background-type":"","background-media":"","overlay-type":"","overlay-color":"","overlay-opacity":"","overlay-gradient":""},"tablet":{"background-color":"","background-image":"","background-repeat":"repeat","background-position":"center center","background-size":"auto","background-attachment":"scroll","background-type":"","background-media":"","overlay-type":"","overlay-color":"","overlay-opacity":"","overlay-gradient":""},"mobile":{"background-color":"","background-image":"","background-repeat":"repeat","background-position":"center center","background-size":"auto","background-attachment":"scroll","background-type":"","background-media":"","overlay-type":"","overlay-color":"","overlay-opacity":"","overlay-gradient":""}},"ast-content-background-meta":{"desktop":{"background-color":"var(--ast-global-color-5)","background-image":"","background-repeat":"repeat","background-position":"center center","background-size":"auto","background-attachment":"scroll","background-type":"","background-media":"","overlay-type":"","overlay-color":"","overlay-opacity":"","overlay-gradient":""},"tablet":{"background-color":"var(--ast-global-color-5)","background-image":"","background-repeat":"repeat","background-position":"center center","background-size":"auto","background-attachment":"scroll","background-type":"","background-media":"","overlay-type":"","overlay-color":"","overlay-opacity":"","overlay-gradient":""},"mobile":{"background-color":"var(--ast-global-color-5)","background-image":"","background-repeat":"repeat","background-position":"center center","background-size":"auto","background-attachment":"scroll","background-type":"","background-media":"","overlay-type":"","overlay-color":"","overlay-opacity":"","overlay-gradient":""}}},"product_brand":[],"product_cat":[120,992],"product_tag":[366,369,368,367,370,361,363,362,356,360,357,359,365,358,364],"class_list":{"0":"post-3821","1":"product","2":"type-product","3":"status-publish","4":"has-post-thumbnail","6":"product_cat-planilhas-em-excel","7":"product_cat-producao","8":"product_tag-controle-de-cabras","9":"product_tag-controle-de-fazenda","10":"product_tag-controle-de-gado-fazenda","11":"product_tag-controle-de-ovelhas","12":"product_tag-controle-de-rebanho-de-fazenda","13":"product_tag-dashboard-controle-de-animais","14":"product_tag-dashboard-controle-de-engorda-de-boi","15":"product_tag-dashboard-controle-de-gado","16":"product_tag-gado-de-corte","17":"product_tag-panilha-controle-de-rebanho","18":"product_tag-planilha-controle-de-gado","19":"product_tag-planilha-controle-de-gado-excel","20":"product_tag-planilha-dashboard-em-excel-de-controle-de-rebanho-de-aniamais-gado","21":"product_tag-planilha-de-gado","22":"product_tag-planilha-para-rebanho","23":"desktop-align-left","24":"tablet-align-left","25":"mobile-align-left","27":"first","28":"instock","29":"virtual","30":"purchasable","31":"product-type-simple"},"_links":{"self":[{"href":"https:\/\/pacotedeplanilhas.com\/loja\/wp-json\/wp\/v2\/product\/3821","targetHints":{"allow":["GET"]}}],"collection":[{"href":"https:\/\/pacotedeplanilhas.com\/loja\/wp-json\/wp\/v2\/product"}],"about":[{"href":"https:\/\/pacotedeplanilhas.com\/loja\/wp-json\/wp\/v2\/types\/product"}],"replies":[{"embeddable":true,"href":"https:\/\/pacotedeplanilhas.com\/loja\/wp-json\/wp\/v2\/comments?post=3821"}],"version-history":[{"count":1,"href":"https:\/\/pacotedeplanilhas.com\/loja\/wp-json\/wp\/v2\/product\/3821\/revisions"}],"predecessor-version":[{"id":3826,"href":"https:\/\/pacotedeplanilhas.com\/loja\/wp-json\/wp\/v2\/product\/3821\/revisions\/3826"}],"wp:featuredmedia":[{"embeddable":true,"href":"https:\/\/pacotedeplanilhas.com\/loja\/wp-json\/wp\/v2\/media\/3822"}],"wp:attachment":[{"href":"https:\/\/pacotedeplanilhas.com\/loja\/wp-json\/wp\/v2\/media?parent=3821"}],"wp:term":[{"taxonomy":"product_brand","embeddable":true,"href":"https:\/\/pacotedeplanilhas.com\/loja\/wp-json\/wp\/v2\/product_brand?post=3821"},{"taxonomy":"product_cat","embeddable":true,"href":"https:\/\/pacotedeplanilhas.com\/loja\/wp-json\/wp\/v2\/product_cat?post=3821"},{"taxonomy":"product_tag","embeddable":true,"href":"https:\/\/pacotedeplanilhas.com\/loja\/wp-json\/wp\/v2\/product_tag?post=3821"}],"curies":[{"name":"wp","href":"https:\/\/api.w.org\/{rel}","templated":true}]}}