{"id":5100,"date":"2024-05-10T15:35:47","date_gmt":"2024-05-10T18:35:47","guid":{"rendered":"https:\/\/pacotedeplanilhas.com\/loja\/?post_type=product&#038;p=5100"},"modified":"2024-07-17T21:41:08","modified_gmt":"2024-07-18T00:41:08","slug":"planilha-dashboard-controle-manutencao-preventiva-e-calibragem","status":"publish","type":"product","link":"https:\/\/pacotedeplanilhas.com\/loja\/store\/manutencao\/planilha-dashboard-controle-manutencao-preventiva-e-calibragem\/","title":{"rendered":"Planilha Dashboard Controle De Manuten\u00e7\u00e3o Preventiva E Calibragem"},"content":{"rendered":"<p>FA\u00c7A O CONTROLE E ACOMPANHAMENTO DE MANUTEN\u00c7\u00c3O PREVENTIVA E CALIBRAGEM DA SUA EMPRESA DE MANEIRA SIMPLES E R\u00c1PIDA.<\/p>\n<p>Funcionalidades<\/p>\n<p>Cadastro<\/p>\n<p>Geral:<\/p>\n<p>\u2013Tipos de manuten\u00e7\u00e3o, tipos de calibra\u00e7\u00e3o;<\/p>\n<p>Manuten\u00e7\u00e3o<\/p>\n<p>Controle:<\/p>\n<p>\u2013Data, item, tipo de manuten\u00e7\u00e3o, custo, status;<\/p>\n<p>Calibra\u00e7\u00e3o<\/p>\n<p>Controle:<\/p>\n<p>\u2013Data, item, tipo de calibra\u00e7\u00e3o, custo, status;<\/p>\n<p>Cronograma<\/p>\n<p>C\u00e9lulas em cinza que tem preenchimento autom\u00e1tico<\/p>\n<p>Manuten\u00e7\u00e3o:<\/p>\n<p>\u2013M\u00eas, tipo de manuten\u00e7\u00e3o;<\/p>\n<p>\u2013Data, item, custo, status;<\/p>\n<p>C\u00e9lulas em cinza que tem preenchimento autom\u00e1tico<\/p>\n<p>Calibra\u00e7\u00e3o:<\/p>\n<p>\u2013M\u00eas, tipo de calibra\u00e7\u00e3o;<\/p>\n<p>\u2013Data, item, custo, status;<\/p>\n<p>Checklist<\/p>\n<p>\u2013Item a ser verificado, status;<\/p>\n<p>Relat\u00f3rios<\/p>\n<p>Manuten\u00e7\u00e3o\/Calibra\u00e7\u00e3o:<\/p>\n<p>C\u00e9lulas em cinza que tem preenchimento autom\u00e1tico<\/p>\n<p>\u2013Manuten\u00e7\u00e3o\/calibra\u00e7\u00e3o, m\u00eas 1, m\u00eas 2, m\u00eas 3, m\u00eas 4, m\u00eas 5, m\u00eas 6, m\u00eas 7, m\u00eas 8, m\u00eas 9, m\u00eas 10, m\u00eas 11, m\u00eas 12, total;<\/p>\n<p>O dashboard<\/p>\n<p>Valores totais:<\/p>\n<p>Manuten\u00e7\u00e3o<\/p>\n<p>\u2013Manuten\u00e7\u00e3o planejadas, percentual de realiza\u00e7\u00e3o, custos com manuten\u00e7\u00f5es;<\/p>\n<p>Gr\u00e1ficos:<\/p>\n<p>\u2013Manuten\u00e7\u00f5es realizadas\/m\u00eas, manuten\u00e7\u00f5es por tipo, percentual de custos por tipo;<\/p>\n<p>Valores totais:<\/p>\n<p>Calibra\u00e7\u00e3o<\/p>\n<p>\u2013Calibra\u00e7\u00f5es planejadas, percentual de realiza\u00e7\u00e3o, custos com calibra\u00e7\u00f5es;<\/p>\n<p>Gr\u00e1ficos:<\/p>\n<p>\u2013Calibra\u00e7\u00f5es realizadas\/m\u00eas, calibra\u00e7\u00f5es por tipo, percentual de custos por tipo;<\/p>\n<p>&nbsp;<\/p>\n<p>Planilha 100% edit\u00e1vel<\/p>\n<p>PR\u00c9-REQUISITOS:<br \/>\nTer qualquer vers\u00e3o do EXCEL instalada no computador.<\/p>\n<p>VANTAGENS:<br \/>\nSimplicidade em usar e c\u00e1lculos precisos.<\/p>\n<p>INFORMA\u00c7\u00d5ES \u00daTEIS:<br \/>\nSuporte p\u00f3s-venda, via e-mail, para esclarecer quaisquer d\u00favidas que possam surgir. Planilha original, comercializada pelo pr\u00f3prio desenvolvedor.<\/p>\n<p>Video explicativo da planilha:<\/p>\n","protected":false},"excerpt":{"rendered":"<p>FA\u00c7A O CONTROLE E ACOMPANHAMENTO DE MANUTEN\u00c7\u00c3O PREVENTIVA E CALIBRAGEM DA SUA EMPRESA DE MANEIRA SIMPLES E R\u00c1PIDA. Funcionalidades Cadastro Geral: \u2013Tipos de manuten\u00e7\u00e3o, tipos de calibra\u00e7\u00e3o; Manuten\u00e7\u00e3o Controle: \u2013Data, item, tipo de manuten\u00e7\u00e3o, custo, status; Calibra\u00e7\u00e3o Controle: \u2013Data, item, tipo de calibra\u00e7\u00e3o, custo, status; Cronograma C\u00e9lulas em cinza que tem preenchimento autom\u00e1tico Manuten\u00e7\u00e3o: \u2013M\u00eas, [&hellip;]<\/p>\n","protected":false},"featured_media":5101,"comment_status":"open","ping_status":"closed","template":"","meta":{"site-sidebar-layout":"default","site-content-layout":"default","ast-site-content-layout":"","site-content-style":"default","site-sidebar-style":"default","ast-global-header-display":"","ast-banner-title-visibility":"","ast-main-header-display":"","ast-hfb-above-header-display":"","ast-hfb-below-header-display":"","ast-hfb-mobile-header-display":"","site-post-title":"","ast-breadcrumbs-content":"","ast-featured-img":"","footer-sml-layout":"","theme-transparent-header-meta":"default","adv-header-id-meta":"","stick-header-meta":"","header-above-stick-meta":"","header-main-stick-meta":"","header-below-stick-meta":"","astra-migrate-meta-layouts":"default","ast-page-background-enabled":"default","ast-page-background-meta":{"desktop":{"background-color":"","background-image":"","background-repeat":"repeat","background-position":"center center","background-size":"auto","background-attachment":"scroll","background-type":"","background-media":"","overlay-type":"","overlay-color":"","overlay-opacity":"","overlay-gradient":""},"tablet":{"background-color":"","background-image":"","background-repeat":"repeat","background-position":"center center","background-size":"auto","background-attachment":"scroll","background-type":"","background-media":"","overlay-type":"","overlay-color":"","overlay-opacity":"","overlay-gradient":""},"mobile":{"background-color":"","background-image":"","background-repeat":"repeat","background-position":"center center","background-size":"auto","background-attachment":"scroll","background-type":"","background-media":"","overlay-type":"","overlay-color":"","overlay-opacity":"","overlay-gradient":""}},"ast-content-background-meta":{"desktop":{"background-color":"var(--ast-global-color-5)","background-image":"","background-repeat":"repeat","background-position":"center center","background-size":"auto","background-attachment":"scroll","background-type":"","background-media":"","overlay-type":"","overlay-color":"","overlay-opacity":"","overlay-gradient":""},"tablet":{"background-color":"var(--ast-global-color-5)","background-image":"","background-repeat":"repeat","background-position":"center center","background-size":"auto","background-attachment":"scroll","background-type":"","background-media":"","overlay-type":"","overlay-color":"","overlay-opacity":"","overlay-gradient":""},"mobile":{"background-color":"var(--ast-global-color-5)","background-image":"","background-repeat":"repeat","background-position":"center center","background-size":"auto","background-attachment":"scroll","background-type":"","background-media":"","overlay-type":"","overlay-color":"","overlay-opacity":"","overlay-gradient":""}}},"product_brand":[],"product_cat":[993,120],"product_tag":[681,680,683,685,690,124,689,684,682,687,686,230,691,559,688],"class_list":{"0":"post-5100","1":"product","2":"type-product","3":"status-publish","4":"has-post-thumbnail","6":"product_cat-manutencao","7":"product_cat-planilhas-em-excel","8":"product_tag-calibragem","9":"product_tag-controle","10":"product_tag-controle-de-ativos","11":"product_tag-controle-de-ferramentas","12":"product_tag-controle-de-servicos","13":"product_tag-dashboard","14":"product_tag-gestao-de-ativos","15":"product_tag-gestao-de-equipamentos","16":"product_tag-gestao-de-manutencao","17":"product_tag-manutencao-corretiva","18":"product_tag-manutencao-preditiva","19":"product_tag-manutencao-preventiva","20":"product_tag-monitoramento-de-calibracao","21":"product_tag-planilha","22":"product_tag-programacao-de-manutencao","23":"desktop-align-left","24":"tablet-align-left","25":"mobile-align-left","27":"first","28":"instock","29":"virtual","30":"purchasable","31":"product-type-simple"},"_links":{"self":[{"href":"https:\/\/pacotedeplanilhas.com\/loja\/wp-json\/wp\/v2\/product\/5100","targetHints":{"allow":["GET"]}}],"collection":[{"href":"https:\/\/pacotedeplanilhas.com\/loja\/wp-json\/wp\/v2\/product"}],"about":[{"href":"https:\/\/pacotedeplanilhas.com\/loja\/wp-json\/wp\/v2\/types\/product"}],"replies":[{"embeddable":true,"href":"https:\/\/pacotedeplanilhas.com\/loja\/wp-json\/wp\/v2\/comments?post=5100"}],"version-history":[{"count":1,"href":"https:\/\/pacotedeplanilhas.com\/loja\/wp-json\/wp\/v2\/product\/5100\/revisions"}],"predecessor-version":[{"id":5109,"href":"https:\/\/pacotedeplanilhas.com\/loja\/wp-json\/wp\/v2\/product\/5100\/revisions\/5109"}],"wp:featuredmedia":[{"embeddable":true,"href":"https:\/\/pacotedeplanilhas.com\/loja\/wp-json\/wp\/v2\/media\/5101"}],"wp:attachment":[{"href":"https:\/\/pacotedeplanilhas.com\/loja\/wp-json\/wp\/v2\/media?parent=5100"}],"wp:term":[{"taxonomy":"product_brand","embeddable":true,"href":"https:\/\/pacotedeplanilhas.com\/loja\/wp-json\/wp\/v2\/product_brand?post=5100"},{"taxonomy":"product_cat","embeddable":true,"href":"https:\/\/pacotedeplanilhas.com\/loja\/wp-json\/wp\/v2\/product_cat?post=5100"},{"taxonomy":"product_tag","embeddable":true,"href":"https:\/\/pacotedeplanilhas.com\/loja\/wp-json\/wp\/v2\/product_tag?post=5100"}],"curies":[{"name":"wp","href":"https:\/\/api.w.org\/{rel}","templated":true}]}}