{"id":5168,"date":"2024-05-17T15:05:19","date_gmt":"2024-05-17T18:05:19","guid":{"rendered":"https:\/\/pacotedeplanilhas.com\/loja\/?post_type=product&#038;p=5168"},"modified":"2024-08-12T14:46:57","modified_gmt":"2024-08-12T17:46:57","slug":"planilha-dashboard-de-consultas-medicas-2-1","status":"publish","type":"product","link":"https:\/\/pacotedeplanilhas.com\/loja\/store\/planilhas-em-excel\/planilha-dashboard-de-consultas-medicas-2-1\/","title":{"rendered":"Planilha Dashboard De Consultas M\u00e9dicas 2.1"},"content":{"rendered":"<p>FA\u00c7A O CONTROLE E ACOMPANHAMENTO DE CONSULTAS M\u00c9DICAS DA SUA EMPRESA DE MANEIRA SIMPLES E R\u00c1PIDA.<\/p>\n<p><em><span style=\"font-size: 14pt;\">Funcionalidades<\/span><\/em><\/p>\n<p><strong>Lan\u00e7amentos:<\/strong><\/p>\n<p>C\u00e9lulas manuais em branco<\/p>\n<p>\u2013Data interna\u00e7\u00e3o, atendimento, pacienete, idade, leito, m\u00e9dico, custo, faturamento, especialidade, servi\u00e7o, diagn\u00f3stico, g\u00eanero, evento adverso, consulta, hora alta m\u00e9dica, data alta do\u00a0 hospital, hora alta do hospital, dias internado, motivo alta, desfecho da alta, conv\u00eanio, obs;<\/p>\n<p><em>C\u00e9lulas em cinza que tem preenchimento autom\u00e1tico<\/em><\/p>\n<p>\u2013M\u00eas, ano;<\/p>\n<p><strong>Dashboard 01<\/strong><\/p>\n<p><em>Valores totais<\/em><\/p>\n<p>\u2013M\u00e9dia dias &#8211; permanencia, diagn\u00f3sticos consultas, atentimentos masculinos, atendimentos femininos, eventos adversos &#8211; quntidade;<\/p>\n<p><em>Gr\u00e1ficos:<\/em><\/p>\n<p>\u2013M\u00e9dia dias internado &#8211; conv\u00eanios, m\u00e9dia de dias internados &#8211; especialidade, quantidade di\u00e1ria de consultas, taxade ocupa\u00e7\u00e3o, m\u00e9dia de dias internado &#8211; leitos, eventos\u00a0 adversos por unidade;<\/p>\n<p><em>Filtos em forma de segmenta\u00e7\u00e3o de dados:<\/em><\/p>\n<p>\u2013Ano, m\u00eas, g\u00eanero, especialidade, leito, conv\u00eanio;<\/p>\n<p><strong>Dashboard 02<\/strong><\/p>\n<p><em>Valores totais:<\/em><\/p>\n<p>\u2013M\u00e9dia dias &#8211; permanencia, diagn\u00f3sticos consultas, atentimentos masculinos, atendimentos femininos, eventos adversos &#8211; quntidade;<\/p>\n<p><em>Gr\u00e1ficos:<\/em><\/p>\n<p>\u2013G\u00eanero percentual, g\u00eanero quantidade, taxa de ocupa\u00e7\u00e3o, g\u00eanero por leitos, g\u00eanero por especialidades;<\/p>\n<p><em>Filtos em forma de segmenta\u00e7\u00e3o de dados:<\/em><\/p>\n<p>\u2013Ano, m\u00eas, g\u00eanero, especialidade, leito, conv\u00eanio;<\/p>\n<p><strong>Dashboard 03<\/strong><\/p>\n<p><em>Valores totais:<\/em><\/p>\n<p>\u2013Faturamento total, custo total, lucro bruto;<\/p>\n<p><em>Gr\u00e1ficos:<\/em><\/p>\n<p>\u2013Faturamento x custo mensal, faturamento por servi\u00e7o, lucro bruto mensal, faturamento por especialidade;<\/p>\n<p><em>Filtos em forma de segmenta\u00e7\u00e3o de dados:<\/em><\/p>\n<p>\u2013Ano, m\u00eas, g\u00eanero, especialidade, leito, conv\u00eanio;<\/p>\n<p>Planilha 100% edit\u00e1vel<\/p>\n<p>PR\u00c9-REQUISITOS:<br \/>\nTer qualquer vers\u00e3o do EXCEL instalada no computador.<\/p>\n<p>VANTAGENS:<br \/>\nSimplicidade em usar e c\u00e1lculos precisos.<\/p>\n<p>INFORMA\u00c7\u00d5ES \u00daTEIS:<br \/>\nSuporte p\u00f3s-venda, via e-mail, para esclarecer quaisquer d\u00favidas que possam surgir. Planilha original, comercializada pelo pr\u00f3prio desenvolvedor.<\/p>\n<h4>V\u00eddeo explicativo da planilha:<\/h4>\n<div class=\"ast-oembed-container \" style=\"height: 100%;\"><iframe title=\"Planilha Dashboard consultas m\u00e9dicas 2.1\" width=\"500\" height=\"281\" src=\"https:\/\/www.youtube.com\/embed\/yhm946QIHKE?feature=oembed\" frameborder=\"0\" allow=\"accelerometer; autoplay; clipboard-write; encrypted-media; gyroscope; picture-in-picture; web-share\" referrerpolicy=\"strict-origin-when-cross-origin\" allowfullscreen><\/iframe><\/div>\n<p>&nbsp;<\/p>\n<h3><\/h3>\n","protected":false},"excerpt":{"rendered":"<h4>FA\u00c7A O CONTROLE E ACOMPANHAMENTO DE CONSULTAS M\u00c9DICAS DA SUA EMPRESA DE MANEIRA SIMPLES E R\u00c1PIDA.<\/h4>\n<p>Essa planilhas tem o objetivo de organizar as consultas em uma cl\u00ednica ou consult\u00f3rio, para agilizar o atendimento e facilitar os processos.<\/p>\n<h3><\/h3>\n","protected":false},"featured_media":5578,"comment_status":"open","ping_status":"closed","template":"","meta":{"site-sidebar-layout":"default","site-content-layout":"default","ast-site-content-layout":"","site-content-style":"default","site-sidebar-style":"default","ast-global-header-display":"","ast-banner-title-visibility":"","ast-main-header-display":"","ast-hfb-above-header-display":"","ast-hfb-below-header-display":"","ast-hfb-mobile-header-display":"","site-post-title":"","ast-breadcrumbs-content":"","ast-featured-img":"","footer-sml-layout":"","theme-transparent-header-meta":"default","adv-header-id-meta":"","stick-header-meta":"","header-above-stick-meta":"","header-main-stick-meta":"","header-below-stick-meta":"","astra-migrate-meta-layouts":"default","ast-page-background-enabled":"default","ast-page-background-meta":{"desktop":{"background-color":"","background-image":"","background-repeat":"repeat","background-position":"center center","background-size":"auto","background-attachment":"scroll","background-type":"","background-media":"","overlay-type":"","overlay-color":"","overlay-opacity":"","overlay-gradient":""},"tablet":{"background-color":"","background-image":"","background-repeat":"repeat","background-position":"center center","background-size":"auto","background-attachment":"scroll","background-type":"","background-media":"","overlay-type":"","overlay-color":"","overlay-opacity":"","overlay-gradient":""},"mobile":{"background-color":"","background-image":"","background-repeat":"repeat","background-position":"center center","background-size":"auto","background-attachment":"scroll","background-type":"","background-media":"","overlay-type":"","overlay-color":"","overlay-opacity":"","overlay-gradient":""}},"ast-content-background-meta":{"desktop":{"background-color":"var(--ast-global-color-5)","background-image":"","background-repeat":"repeat","background-position":"center center","background-size":"auto","background-attachment":"scroll","background-type":"","background-media":"","overlay-type":"","overlay-color":"","overlay-opacity":"","overlay-gradient":""},"tablet":{"background-color":"var(--ast-global-color-5)","background-image":"","background-repeat":"repeat","background-position":"center center","background-size":"auto","background-attachment":"scroll","background-type":"","background-media":"","overlay-type":"","overlay-color":"","overlay-opacity":"","overlay-gradient":""},"mobile":{"background-color":"var(--ast-global-color-5)","background-image":"","background-repeat":"repeat","background-position":"center center","background-size":"auto","background-attachment":"scroll","background-type":"","background-media":"","overlay-type":"","overlay-color":"","overlay-opacity":"","overlay-gradient":""}}},"product_brand":[],"product_cat":[120,994],"product_tag":[735,728,680,124,733,514,730,127,562,734,174,729,737,559,736,731,732],"class_list":{"0":"post-5168","1":"product","2":"type-product","3":"status-publish","4":"has-post-thumbnail","6":"product_cat-planilhas-em-excel","7":"product_cat-seguranca-do-trabalho","8":"product_tag-atendimento-medico","9":"product_tag-consultas-medicas","10":"product_tag-controle","11":"product_tag-dashboard","12":"product_tag-diagnosticos","13":"product_tag-eficiencia-operacional","14":"product_tag-exames-medicos","15":"product_tag-gerenciamento","16":"product_tag-gestao-de-saude","17":"product_tag-gestao-medica","18":"product_tag-medico","19":"product_tag-monitoramento-de-consultas","20":"product_tag-otimizacao-de-consultas","21":"product_tag-planilha","22":"product_tag-planilha-de-saude","23":"product_tag-porcentagem-por-genero","24":"product_tag-taxa-de-ocupacao","25":"desktop-align-left","26":"tablet-align-left","27":"mobile-align-left","29":"first","30":"instock","31":"virtual","32":"purchasable","33":"product-type-simple"},"_links":{"self":[{"href":"https:\/\/pacotedeplanilhas.com\/loja\/wp-json\/wp\/v2\/product\/5168","targetHints":{"allow":["GET"]}}],"collection":[{"href":"https:\/\/pacotedeplanilhas.com\/loja\/wp-json\/wp\/v2\/product"}],"about":[{"href":"https:\/\/pacotedeplanilhas.com\/loja\/wp-json\/wp\/v2\/types\/product"}],"replies":[{"embeddable":true,"href":"https:\/\/pacotedeplanilhas.com\/loja\/wp-json\/wp\/v2\/comments?post=5168"}],"version-history":[{"count":5,"href":"https:\/\/pacotedeplanilhas.com\/loja\/wp-json\/wp\/v2\/product\/5168\/revisions"}],"predecessor-version":[{"id":5594,"href":"https:\/\/pacotedeplanilhas.com\/loja\/wp-json\/wp\/v2\/product\/5168\/revisions\/5594"}],"wp:featuredmedia":[{"embeddable":true,"href":"https:\/\/pacotedeplanilhas.com\/loja\/wp-json\/wp\/v2\/media\/5578"}],"wp:attachment":[{"href":"https:\/\/pacotedeplanilhas.com\/loja\/wp-json\/wp\/v2\/media?parent=5168"}],"wp:term":[{"taxonomy":"product_brand","embeddable":true,"href":"https:\/\/pacotedeplanilhas.com\/loja\/wp-json\/wp\/v2\/product_brand?post=5168"},{"taxonomy":"product_cat","embeddable":true,"href":"https:\/\/pacotedeplanilhas.com\/loja\/wp-json\/wp\/v2\/product_cat?post=5168"},{"taxonomy":"product_tag","embeddable":true,"href":"https:\/\/pacotedeplanilhas.com\/loja\/wp-json\/wp\/v2\/product_tag?post=5168"}],"curies":[{"name":"wp","href":"https:\/\/api.w.org\/{rel}","templated":true}]}}