{"id":5186,"date":"2024-05-19T18:50:43","date_gmt":"2024-05-19T21:50:43","guid":{"rendered":"https:\/\/pacotedeplanilhas.com\/loja\/?post_type=product&#038;p=5186"},"modified":"2024-07-17T21:37:33","modified_gmt":"2024-07-18T00:37:33","slug":"planilha-dashboard-gesao-de-pedidos","status":"publish","type":"product","link":"https:\/\/pacotedeplanilhas.com\/loja\/store\/comercial\/planilha-dashboard-gesao-de-pedidos\/","title":{"rendered":"Planilha Dashboard Gest\u00e3o De Pedidos"},"content":{"rendered":"<p>FA\u00c7A O CONTROLE E ACOMPANHAMENTO DE GEST\u00c3O DE PEDIDOS DA SUA EMPRESA DE MANEIRA SIMPLES E R\u00c1PIDA.<\/p>\n<p>Funcionalidades<\/p>\n<p>Lan\u00e7amentos:<\/p>\n<p>C\u00e9lulas Manuais em branco:<\/p>\n<p>\u2013Data da entrada pedido, solicita\u00e7\u00f5es recebidas, solicita\u00e7\u00f5es atendidas, data da finaliza\u00e7\u00e3o do pedido, dentro do prazo?, faturamento R$, notas de d\u00e9bito, notas de d\u00e9bito (valor), notas de cr\u00e9dito, notas de cr\u00e9dito (valor), efici\u00eancia de invent\u00e1rio, valor de estoque, valor de estoque &#8211; faturamento;<\/p>\n<p>C\u00e9lulas em cinza que tem preenchimento autom\u00e1tico<\/p>\n<p>\u2013Solicita\u00e7\u00f5es n\u00e3o atendidas, efici\u00eancia de atendimento;<\/p>\n<p>Lan\u00e7amentos 2:<\/p>\n<p>\u2013Data da emiss\u00e3o, produto, descri\u00e7\u00e3o, valor-R$, cliente;<\/p>\n<p>O dashboard<\/p>\n<p>Valores totais:<\/p>\n<p>\u2013Solicita\u00e7\u00f5es recebidas, solicita\u00e7\u00f5es n\u00e3o atendidas, ruptura de n\u00e3o atendimento, acuracidade m\u00e9dia do ano, valor de estoque, notas em d\u00e9bito, notas em cr\u00e9dito;<\/p>\n<p>Gr\u00e1ficos:<\/p>\n<p>\u2013Faturamento mensal, solicita\u00e7\u00f5es recebidas, prazo de atendimento por pedido, top 10 itens mais vendidos, top 10 clientes, acuracidade de estoque mensal, notas de d\u00e9bito x notas de cr\u00e9dito;<\/p>\n<p>Os filtros em forma de Segmenta\u00e7\u00e3o de dados:<\/p>\n<p>\u2013Meses, dentro do prazo, data da entrega do pedido;<\/p>\n<p>Planilha 100% edit\u00e1vel<\/p>\n<p>PR\u00c9-REQUISITOS:<br \/>\nTer qualquer vers\u00e3o do EXCEL instalada no computador.<\/p>\n<p>VANTAGENS:<br \/>\nSimplicidade em usar e c\u00e1lculos precisos.<\/p>\n<p>INFORMA\u00c7\u00d5ES \u00daTEIS:<br \/>\nSuporte p\u00f3s-venda, via e-mail, para esclarecer quaisquer d\u00favidas que possam surgir. Planilha original, comercializada pelo pr\u00f3prio desenvolvedor.<\/p>\n<p>Video explicativo da planilha:<\/p>\n<div class=\"ast-oembed-container \" style=\"height: 100%;\"><iframe title=\"Planilha Dashboard Gest\u00e3o de Pedidos\" width=\"500\" height=\"281\" src=\"https:\/\/www.youtube.com\/embed\/hGZE2HMAD3c?feature=oembed\" frameborder=\"0\" allow=\"accelerometer; autoplay; clipboard-write; encrypted-media; gyroscope; picture-in-picture; web-share\" referrerpolicy=\"strict-origin-when-cross-origin\" allowfullscreen><\/iframe><\/div>\n<p>&nbsp;<\/p>\n","protected":false},"excerpt":{"rendered":"<p>FA\u00c7A O CONTROLE E ACOMPANHAMENTO DE GEST\u00c3O DE PEDIDOS DA SUA EMPRESA DE MANEIRA SIMPLES E R\u00c1PIDA. Funcionalidades Lan\u00e7amentos: C\u00e9lulas Manuais em branco: \u2013Data da entrada pedido, solicita\u00e7\u00f5es recebidas, solicita\u00e7\u00f5es atendidas, data da finaliza\u00e7\u00e3o do pedido, dentro do prazo?, faturamento R$, notas de d\u00e9bito, notas de d\u00e9bito (valor), notas de cr\u00e9dito, notas de cr\u00e9dito (valor), [&hellip;]<\/p>\n","protected":false},"featured_media":5187,"comment_status":"open","ping_status":"closed","template":"","meta":{"site-sidebar-layout":"default","site-content-layout":"default","ast-site-content-layout":"","site-content-style":"default","site-sidebar-style":"default","ast-global-header-display":"","ast-banner-title-visibility":"","ast-main-header-display":"","ast-hfb-above-header-display":"","ast-hfb-below-header-display":"","ast-hfb-mobile-header-display":"","site-post-title":"","ast-breadcrumbs-content":"","ast-featured-img":"","footer-sml-layout":"","theme-transparent-header-meta":"default","adv-header-id-meta":"","stick-header-meta":"","header-above-stick-meta":"","header-main-stick-meta":"","header-below-stick-meta":"","astra-migrate-meta-layouts":"default","ast-page-background-enabled":"default","ast-page-background-meta":{"desktop":{"background-color":"","background-image":"","background-repeat":"repeat","background-position":"center center","background-size":"auto","background-attachment":"scroll","background-type":"","background-media":"","overlay-type":"","overlay-color":"","overlay-opacity":"","overlay-gradient":""},"tablet":{"background-color":"","background-image":"","background-repeat":"repeat","background-position":"center center","background-size":"auto","background-attachment":"scroll","background-type":"","background-media":"","overlay-type":"","overlay-color":"","overlay-opacity":"","overlay-gradient":""},"mobile":{"background-color":"","background-image":"","background-repeat":"repeat","background-position":"center center","background-size":"auto","background-attachment":"scroll","background-type":"","background-media":"","overlay-type":"","overlay-color":"","overlay-opacity":"","overlay-gradient":""}},"ast-content-background-meta":{"desktop":{"background-color":"var(--ast-global-color-5)","background-image":"","background-repeat":"repeat","background-position":"center center","background-size":"auto","background-attachment":"scroll","background-type":"","background-media":"","overlay-type":"","overlay-color":"","overlay-opacity":"","overlay-gradient":""},"tablet":{"background-color":"var(--ast-global-color-5)","background-image":"","background-repeat":"repeat","background-position":"center center","background-size":"auto","background-attachment":"scroll","background-type":"","background-media":"","overlay-type":"","overlay-color":"","overlay-opacity":"","overlay-gradient":""},"mobile":{"background-color":"var(--ast-global-color-5)","background-image":"","background-repeat":"repeat","background-position":"center center","background-size":"auto","background-attachment":"scroll","background-type":"","background-media":"","overlay-type":"","overlay-color":"","overlay-opacity":"","overlay-gradient":""}}},"product_brand":[],"product_cat":[998,120,992],"product_tag":[752,750,753,751,760,749,761,754,757,758,762,559,759,755,756],"class_list":{"0":"post-5186","1":"product","2":"type-product","3":"status-publish","4":"has-post-thumbnail","6":"product_cat-comercial","7":"product_cat-planilhas-em-excel","8":"product_cat-producao","9":"product_tag-analise-de-pedidos","10":"product_tag-controle-de-pedidos","11":"product_tag-eficiencia-de-pedidos","12":"product_tag-gerenciamento-de-pedidos","13":"product_tag-gestao-de-estoque","14":"product_tag-gestao-de-pedidos","15":"product_tag-logistica-de-pedidos","16":"product_tag-monitoramento-de-pedidos","17":"product_tag-otimizacao-de-pedidos","18":"product_tag-pedidos-de-clientes","19":"product_tag-performance-de-pedidos","20":"product_tag-planilha","21":"product_tag-processamento-de-pedidos","22":"product_tag-rastreamento-de-pedidos","23":"product_tag-sistema-de-pedidos","24":"desktop-align-left","25":"tablet-align-left","26":"mobile-align-left","28":"first","29":"instock","30":"virtual","31":"purchasable","32":"product-type-simple"},"_links":{"self":[{"href":"https:\/\/pacotedeplanilhas.com\/loja\/wp-json\/wp\/v2\/product\/5186","targetHints":{"allow":["GET"]}}],"collection":[{"href":"https:\/\/pacotedeplanilhas.com\/loja\/wp-json\/wp\/v2\/product"}],"about":[{"href":"https:\/\/pacotedeplanilhas.com\/loja\/wp-json\/wp\/v2\/types\/product"}],"replies":[{"embeddable":true,"href":"https:\/\/pacotedeplanilhas.com\/loja\/wp-json\/wp\/v2\/comments?post=5186"}],"version-history":[{"count":1,"href":"https:\/\/pacotedeplanilhas.com\/loja\/wp-json\/wp\/v2\/product\/5186\/revisions"}],"predecessor-version":[{"id":5191,"href":"https:\/\/pacotedeplanilhas.com\/loja\/wp-json\/wp\/v2\/product\/5186\/revisions\/5191"}],"wp:featuredmedia":[{"embeddable":true,"href":"https:\/\/pacotedeplanilhas.com\/loja\/wp-json\/wp\/v2\/media\/5187"}],"wp:attachment":[{"href":"https:\/\/pacotedeplanilhas.com\/loja\/wp-json\/wp\/v2\/media?parent=5186"}],"wp:term":[{"taxonomy":"product_brand","embeddable":true,"href":"https:\/\/pacotedeplanilhas.com\/loja\/wp-json\/wp\/v2\/product_brand?post=5186"},{"taxonomy":"product_cat","embeddable":true,"href":"https:\/\/pacotedeplanilhas.com\/loja\/wp-json\/wp\/v2\/product_cat?post=5186"},{"taxonomy":"product_tag","embeddable":true,"href":"https:\/\/pacotedeplanilhas.com\/loja\/wp-json\/wp\/v2\/product_tag?post=5186"}],"curies":[{"name":"wp","href":"https:\/\/api.w.org\/{rel}","templated":true}]}}