{"id":7392,"date":"2025-10-07T16:34:26","date_gmt":"2025-10-07T19:34:26","guid":{"rendered":"https:\/\/pacotedeplanilhas.com\/loja\/?post_type=product&#038;p=7392"},"modified":"2025-10-22T16:53:12","modified_gmt":"2025-10-22T19:53:12","slug":"dashboard-gestao-de-frota-em-power-bi-4-0","status":"publish","type":"product","link":"https:\/\/pacotedeplanilhas.com\/loja\/store\/logistica\/dashboard-gestao-de-frota-em-power-bi-4-0\/","title":{"rendered":"Dashboard Gest\u00e3o de Frota em Power BI 4.0"},"content":{"rendered":"<p>FA\u00c7A O CONTROLE E ACOMPANHAMENTO DE GEST\u00c3O DE FROTA DA SUA EMPRESA DE MANEIRA SIMPLES E R\u00c1PIDA.<\/p>\n<p><strong><em>Funcionalidades<\/em><\/strong><\/p>\n<p><strong>Cadastro:<\/strong><\/p>\n<p>\u2013Motorista, tipo de manuten\u00e7\u00e3o, cliente, empresa, filial, documentos, custos, valores;<\/p>\n<p><strong>Cadastros de Ve\u00edculos:<\/strong><\/p>\n<p>\u2013N\u00b0, placa, ve\u00edculo, ano fabrica\u00e7\u00e3o, cor, rodagem aquisi\u00e7\u00e3o(km), carga m\u00e1xima(kg),\u00a0 tipo de ve\u00edculo, imagem;<\/p>\n<p><strong>Lan\u00e7amentos Rotas<\/strong><\/p>\n<p><span style=\"font-size: 14pt;\"><em>C\u00e9lulas manuais em branco<\/em><\/span><\/p>\n<p>\u2013Data, empresa, filial, olaca, motorista, origem, destino, cliente, dist\u00e2ncia(km), peso carga(kg), receitas, combust\u00edvel, ped\u00e1gio, outros, no prazo?, motivo;<\/p>\n<p><span style=\"font-size: 14pt;\"><em>C\u00e9lulas em cinza que tem preenchimento autom\u00e1tico<\/em><\/span><\/p>\n<p>\u2013Ve\u00edculo, tipo de ve\u00edculo;<\/p>\n<p><strong>Lan\u00e7amento Manuten\u00e7\u00e3o<\/strong><\/p>\n<p><span style=\"font-size: 14pt;\"><em>C\u00e9lulas manuais em branco<\/em><\/span><\/p>\n<p>\u2013Data, placa, tipo de manuten\u00e7\u00e3o, motivo da manuten\u00e7\u00e3o, custo da manuten\u00e7\u00e3o, obs, empresa, filial;<\/p>\n<p><span style=\"font-size: 14pt;\"><em>C\u00e9lulas em cinza que tem preenchimento autom\u00e1tico<\/em><\/span><\/p>\n<p>\u2013Ve\u00edculo;<\/p>\n<p><strong>Lan\u00e7amentos Documentos<\/strong><\/p>\n<p><span style=\"font-size: 14pt;\"><em>C\u00e9lulas manuais em branco<\/em><\/span><\/p>\n<p>\u2013Data, placa, tipo do documento, descri\u00e7\u00e3o do documento, custo do documento, obs, empresa, filial;<\/p>\n<p><span style=\"font-size: 14pt;\"><em>C\u00e9lulas em cinza que tem preenchimento autom\u00e1tico<\/em><\/span><\/p>\n<p>\u2013Ve\u00edculo;<\/p>\n<p>&nbsp;<\/p>\n<p><strong>1- Dashboard Faturamento<\/strong><\/p>\n<p>Valores totais:<\/p>\n<p>\u2013Quantidade de viagens, faturamento, custo total, lucro bruto;<\/p>\n<p>Gr\u00e1ficos:<\/p>\n<p>\u2013Faturamento x custo total por m\u00eas, faturamento por placa, faturamento por filial,\u00a0 faturamento por cliente, faturamento por tipo de ve\u00edculo, faturamento por filial;<\/p>\n<p>Filtros em forma de segmenta\u00e7\u00e3o de dados<\/p>\n<p>\u2013Ano, m\u00eas, empresa, filial, motorista, cliente, placa, tipo de ve\u00edculo, ve\u00edculo;<\/p>\n<p>&nbsp;<\/p>\n<p><strong>2- Dashboard Entregas<\/strong><\/p>\n<p>Valores totais:<\/p>\n<p>\u2013Quantidade de viagens, quantidade no prazo, quantidade fora do prazo, percentual de entregas;<\/p>\n<p><span style=\"font-size: 16px;\">Gr\u00e1ficos:<\/span><\/p>\n<p>\u2013Quantidade de viagens por m\u00eas, quantidade de viagens por destino, quantidade de viagens por placa, quantidade fora do prazo por motivo;<\/p>\n<p>Filtros em forma de segmenta\u00e7\u00e3o de dados<\/p>\n<p>\u2013Ano, m\u00eas, empresa, filial, motorista, cliente, placa, tipo de ve\u00edculo, ve\u00edculo;<\/p>\n<p>&nbsp;<\/p>\n<p><strong>3- Dashboard Custo Viagem\u00a0<\/strong><\/p>\n<p>Valores totais:<\/p>\n<p>\u2013Quantidade de viagens, custo com combust\u00edvel, custo com ped\u00e1gio, custo outros;<\/p>\n<p><span style=\"font-size: 16px;\">Gr\u00e1ficos:<\/span><\/p>\n<p>\u2013Custos com viagens por m\u00eas, custo viagens por placa, custo viagens por motorista, custo viagens por ve\u00edculos;<\/p>\n<p>Filtros em forma de segmenta\u00e7\u00e3o de dados<\/p>\n<p>\u2013Ano, m\u00eas, empresa, filial, motorista, cliente, placa, tipo de ve\u00edculo, ve\u00edculo;<\/p>\n<p>&nbsp;<\/p>\n<p><strong>4- Dashboard Custo Manuten\u00e7\u00e3o<\/strong><\/p>\n<p>Valores totais:<\/p>\n<p>\u2013Quantiadade de viagens, quantidade de manuten\u00e7\u00f5es, custo manuten\u00e7\u00e3o, percentual c. manuten\u00e7\u00e3o;<\/p>\n<p><span style=\"font-size: 16px;\">Gr\u00e1ficos:<\/span><\/p>\n<p>\u2013Custo com manuten\u00e7\u00e3o por m\u00eas, custo manuten\u00e7\u00e3o por placa, custo manuten\u00e7\u00e3o por motivo da manuten\u00e7\u00e3o, custo manuten\u00e7\u00e3o\u00a0 por tipo de ve\u00edculo;<\/p>\n<p>Filtros em forma de segmenta\u00e7\u00e3o de dados<\/p>\n<p>\u2013Ano, m\u00eas, empresa, filial, placa, ve\u00edculo;<\/p>\n<p>&nbsp;<\/p>\n<p><strong>5- Dashboard Custo Documentos<\/strong><\/p>\n<p>Valores totais:<\/p>\n<p>\u2013Quantiadade de viagens, quantidade de documentos, custos dcumentos, percentual c. documentos;<\/p>\n<p><span style=\"font-size: 16px;\">Gr\u00e1ficos:<\/span><\/p>\n<p>\u2013Custo com documentos por m\u00eas, custo documentos por placa, custo documentos por tipo do documento, custo documentos por ve\u00edculo,<\/p>\n<p>Filtros em forma de segmenta\u00e7\u00e3o de dados<\/p>\n<p>\u2013Ano, m\u00eas, empresa, filial, placa, ve\u00edculo;<\/p>\n<p>&nbsp;<\/p>\n<p>Planilha 100% edit\u00e1vel<\/p>\n<p>PR\u00c9-REQUISITOS:<br \/>\nTer qualquer vers\u00e3o do EXCEL instalada no computador.<\/p>\n<p>VANTAGENS:<br \/>\nSimplicidade em usar e c\u00e1lculos precisos.<\/p>\n<p>INFORMA\u00c7\u00d5ES \u00daTEIS:<br \/>\nSuporte p\u00f3s-venda, via e-mail, para esclarecer quaisquer d\u00favidas que possam surgir. Planilha original, comercializada pelo pr\u00f3prio desenvolvedor.<\/p>\n<p>Video explicativo da planilha:<\/p>\n<div class=\"ast-oembed-container \" style=\"height: 100%;\"><iframe title=\"Dashboard Gest\u00e3o de Frota em Power BI 4.0\" width=\"500\" height=\"281\" src=\"https:\/\/www.youtube.com\/embed\/I5DvC9qV5oA?feature=oembed&#038;enablejsapi=1&#038;origin=https:\/\/pacotedeplanilhas.com\" frameborder=\"0\" allow=\"accelerometer; autoplay; clipboard-write; encrypted-media; gyroscope; picture-in-picture; web-share\" referrerpolicy=\"strict-origin-when-cross-origin\" allowfullscreen><\/iframe><\/div>\n","protected":false},"excerpt":{"rendered":"<p>FA\u00c7A O CONTROLE E ACOMPANHAMENTO DE GEST\u00c3O DE FROTA DA SUA EMPRESA DE MANEIRA SIMPLES E R\u00c1PIDA.<\/p>\n","protected":false},"featured_media":7393,"comment_status":"open","ping_status":"closed","template":"","meta":{"site-sidebar-layout":"default","site-content-layout":"default","ast-site-content-layout":"default","site-content-style":"default","site-sidebar-style":"default","ast-global-header-display":"","ast-banner-title-visibility":"","ast-main-header-display":"","ast-hfb-above-header-display":"","ast-hfb-below-header-display":"","ast-hfb-mobile-header-display":"","site-post-title":"","ast-breadcrumbs-content":"","ast-featured-img":"","footer-sml-layout":"","theme-transparent-header-meta":"default","adv-header-id-meta":"","stick-header-meta":"","header-above-stick-meta":"","header-main-stick-meta":"","header-below-stick-meta":"","astra-migrate-meta-layouts":"set","ast-page-background-enabled":"default","ast-page-background-meta":{"desktop":{"background-color":"","background-image":"","background-repeat":"repeat","background-position":"center center","background-size":"auto","background-attachment":"scroll","background-type":"","background-media":"","overlay-type":"","overlay-color":"","overlay-opacity":"","overlay-gradient":""},"tablet":{"background-color":"","background-image":"","background-repeat":"repeat","background-position":"center center","background-size":"auto","background-attachment":"scroll","background-type":"","background-media":"","overlay-type":"","overlay-color":"","overlay-opacity":"","overlay-gradient":""},"mobile":{"background-color":"","background-image":"","background-repeat":"repeat","background-position":"center center","background-size":"auto","background-attachment":"scroll","background-type":"","background-media":"","overlay-type":"","overlay-color":"","overlay-opacity":"","overlay-gradient":""}},"ast-content-background-meta":{"desktop":{"background-color":"var(--ast-global-color-5)","background-image":"","background-repeat":"repeat","background-position":"center center","background-size":"auto","background-attachment":"scroll","background-type":"","background-media":"","overlay-type":"","overlay-color":"","overlay-opacity":"","overlay-gradient":""},"tablet":{"background-color":"var(--ast-global-color-5)","background-image":"","background-repeat":"repeat","background-position":"center center","background-size":"auto","background-attachment":"scroll","background-type":"","background-media":"","overlay-type":"","overlay-color":"","overlay-opacity":"","overlay-gradient":""},"mobile":{"background-color":"var(--ast-global-color-5)","background-image":"","background-repeat":"repeat","background-position":"center center","background-size":"auto","background-attachment":"scroll","background-type":"","background-media":"","overlay-type":"","overlay-color":"","overlay-opacity":"","overlay-gradient":""}}},"product_brand":[],"product_cat":[989,176],"product_tag":[2317,2304,2316,2311,2312,2301,2306,2309,1432,2315,2308,2307,1384,2310,2313,2314],"class_list":{"0":"post-7392","1":"product","2":"type-product","3":"status-publish","4":"has-post-thumbnail","6":"product_cat-logistica","7":"product_cat-power-bi","8":"product_tag-analise-de-custos-de-frota-power-bi","9":"product_tag-controle-de-frota-power-bi","10":"product_tag-controle-de-veiculos-power-bi","11":"product_tag-controle-de-viagens-power-bi","12":"product_tag-dashboard-custos-de-frota","13":"product_tag-dashboard-frotas","14":"product_tag-dashboard-gestao-de-frotas-power-bi","15":"product_tag-dashboard-manutencao-de-veiculos-power-bi","16":"product_tag-dashboard-manutencao-power-bi","17":"product_tag-dashboard-pedagio-power-bi","18":"product_tag-dashboard-transporte-power-bi","19":"product_tag-gestao-de-frotas-power-bi","20":"product_tag-gestao-de-transporte-power-bi","21":"product_tag-indicadores-de-frota-power-bi","22":"product_tag-power-bi-logistica","23":"product_tag-power-bi-transporte-e-frota","24":"desktop-align-left","25":"tablet-align-left","26":"mobile-align-left","28":"first","29":"instock","30":"virtual","31":"purchasable","32":"product-type-simple"},"_links":{"self":[{"href":"https:\/\/pacotedeplanilhas.com\/loja\/wp-json\/wp\/v2\/product\/7392","targetHints":{"allow":["GET"]}}],"collection":[{"href":"https:\/\/pacotedeplanilhas.com\/loja\/wp-json\/wp\/v2\/product"}],"about":[{"href":"https:\/\/pacotedeplanilhas.com\/loja\/wp-json\/wp\/v2\/types\/product"}],"replies":[{"embeddable":true,"href":"https:\/\/pacotedeplanilhas.com\/loja\/wp-json\/wp\/v2\/comments?post=7392"}],"version-history":[{"count":4,"href":"https:\/\/pacotedeplanilhas.com\/loja\/wp-json\/wp\/v2\/product\/7392\/revisions"}],"predecessor-version":[{"id":7409,"href":"https:\/\/pacotedeplanilhas.com\/loja\/wp-json\/wp\/v2\/product\/7392\/revisions\/7409"}],"wp:featuredmedia":[{"embeddable":true,"href":"https:\/\/pacotedeplanilhas.com\/loja\/wp-json\/wp\/v2\/media\/7393"}],"wp:attachment":[{"href":"https:\/\/pacotedeplanilhas.com\/loja\/wp-json\/wp\/v2\/media?parent=7392"}],"wp:term":[{"taxonomy":"product_brand","embeddable":true,"href":"https:\/\/pacotedeplanilhas.com\/loja\/wp-json\/wp\/v2\/product_brand?post=7392"},{"taxonomy":"product_cat","embeddable":true,"href":"https:\/\/pacotedeplanilhas.com\/loja\/wp-json\/wp\/v2\/product_cat?post=7392"},{"taxonomy":"product_tag","embeddable":true,"href":"https:\/\/pacotedeplanilhas.com\/loja\/wp-json\/wp\/v2\/product_tag?post=7392"}],"curies":[{"name":"wp","href":"https:\/\/api.w.org\/{rel}","templated":true}]}}