{"id":7498,"date":"2025-10-29T16:31:24","date_gmt":"2025-10-29T19:31:24","guid":{"rendered":"https:\/\/pacotedeplanilhas.com\/loja\/?post_type=product&#038;p=7498"},"modified":"2025-10-29T17:03:49","modified_gmt":"2025-10-29T20:03:49","slug":"dashboard-em-power-bi-de-controle-de-abastecimento-diesel-s10-s500-e-arla-32","status":"publish","type":"product","link":"https:\/\/pacotedeplanilhas.com\/loja\/store\/logistica\/dashboard-em-power-bi-de-controle-de-abastecimento-diesel-s10-s500-e-arla-32\/","title":{"rendered":"Dashboard em Power BI de Controle de Abastecimento &#8211; Diesel S10, S500  e Arla 32"},"content":{"rendered":"<p>FA\u00c7A O CONTROLE E ACOMPANHAMENTO DE GEST\u00c3O DE ABASTECIMENTO DA SUA EMPRESA DE MANEIRA SIMPLES E R\u00c1PIDA.<\/p>\n<p><strong><em>Funcionalidades<\/em><\/strong><\/p>\n<p><strong>Cadastro:<\/strong><\/p>\n<p>\u2013Placa, ve\u00edculo, motorista\/operador, tanque, capacidade m\u00e1xima, ponto de pedido, estoque m\u00ednimo, imagem, fornecedor;<\/p>\n<p><strong>Lan\u00e7amentos Entradas<\/strong><\/p>\n<p><span style=\"font-size: 14pt;\"><em>C\u00e9lulas manuais em branco<\/em><\/span><\/p>\n<p>\u2013Data da compra, tanque, fornecedor, quantidade litros, valor total, imagem;<\/p>\n<p><span style=\"font-size: 14pt;\"><em>C\u00e9lulas em cinza que tem preenchimento autom\u00e1tico<\/em><\/span><\/p>\n<p>\u2013Valor por litro, percentual do tanque;<\/p>\n<p><strong>Lan\u00e7amentos Sa\u00eddas<\/strong><\/p>\n<p><span style=\"font-size: 14pt;\"><em>C\u00e9lulas manuais em branco<\/em><\/span><\/p>\n<p>\u2013Data do abastecimento, cod viagem, placa, motorista, tanque, litros, destino, km ou horas inicial, km ou horas final, imagem;<\/p>\n<p><span style=\"font-size: 14pt;\"><em>C\u00e9lulas em cinza que tem preenchimento autom\u00e1tico<\/em><\/span><\/p>\n<p>\u2013Ve\u00edculo, km ou horas realizado, consumo m\u00e9dio;<\/p>\n<p><strong>1- Dashboard ENTRADA<\/strong><\/p>\n<p>Valores totais:<\/p>\n<p>\u2013Quantidade de abasecimentos, quantidade litros entrada, custo, m\u00e9dia valor por litro;<\/p>\n<p>Gr\u00e1ficos:<\/p>\n<p>\u2013Custo por m\u00eas, custo por combust\u00edvel, valor por litro por combust\u00edvel, custo por fornecedor, litros por tipos de combust\u00edvel;<\/p>\n<p>Filtros em forma de segmenta\u00e7\u00e3o de dados<\/p>\n<p>\u2013Ano, m\u00eas, cliente, tanque, fornecedor;<\/p>\n<p><strong>2- Dashboard SA\u00cdDA<\/strong><\/p>\n<p>Valores totais:<\/p>\n<p>\u2013Quantidade de viagens, quantidade litros sa\u00eddas, kms ou horas rodados, consumo m\u00e9dio;<\/p>\n<p>Gr\u00e1ficos:<\/p>\n<p>\u2013Quantidade de viagens por m\u00eas, litros por abastecimento, quantidade viagens por motorista, kms por placa, quantidade viagens por destino;<\/p>\n<p>Filtros em forma de segmenta\u00e7\u00e3o de dados<\/p>\n<p>\u2013Ano, m\u00eas, tanque, placa, motorista, ve\u00edculo;<\/p>\n<p><strong>3- Dashboard ESTOQUE TANQUES<\/strong><\/p>\n<p>Valores totais:<\/p>\n<p>\u2013Diesel s10 &#8211; estoque, diesel s500 &#8211; estoque, arla 32 &#8211; estoque;<\/p>\n<p>Filtros em forma de segmenta\u00e7\u00e3o de dados<\/p>\n<p>\u2013Ano, m\u00eas;<\/p>\n<p>Planilha 100% edit\u00e1vel<\/p>\n<p>PR\u00c9-REQUISITOS:<br \/>\nTer qualquer vers\u00e3o do EXCEL instalada no computador.<\/p>\n<p>VANTAGENS:<br \/>\nSimplicidade em usar e c\u00e1lculos precisos.<\/p>\n<p>INFORMA\u00c7\u00d5ES \u00daTEIS:<br \/>\nSuporte p\u00f3s-venda, via e-mail, para esclarecer quaisquer d\u00favidas que possam surgir. Planilha original, comercializada pelo pr\u00f3prio desenvolvedor.<\/p>\n<p>Video explicativo da planilha:<\/p>\n<div class=\"ast-oembed-container \" style=\"height: 100%;\"><iframe title=\"Dashboard em Power BI de Controle de Abastecimento - Diesel S10, S500  e Arla 32\" width=\"500\" height=\"281\" src=\"https:\/\/www.youtube.com\/embed\/cCn5qgwkboQ?feature=oembed&#038;enablejsapi=1&#038;origin=https:\/\/pacotedeplanilhas.com\" frameborder=\"0\" allow=\"accelerometer; autoplay; clipboard-write; encrypted-media; gyroscope; picture-in-picture; web-share\" referrerpolicy=\"strict-origin-when-cross-origin\" allowfullscreen><\/iframe><\/div>\n","protected":false},"excerpt":{"rendered":"<p>FA\u00c7A O CONTROLE E ACOMPANHAMENTO DE GEST\u00c3O DE ABASTECIMENTO DA SUA EMPRESA DE MANEIRA SIMPLES E R\u00c1PIDA.<\/p>\n","protected":false},"featured_media":7499,"comment_status":"open","ping_status":"closed","template":"","meta":{"site-sidebar-layout":"default","site-content-layout":"default","ast-site-content-layout":"default","site-content-style":"default","site-sidebar-style":"default","ast-global-header-display":"","ast-banner-title-visibility":"","ast-main-header-display":"","ast-hfb-above-header-display":"","ast-hfb-below-header-display":"","ast-hfb-mobile-header-display":"","site-post-title":"","ast-breadcrumbs-content":"","ast-featured-img":"","footer-sml-layout":"","theme-transparent-header-meta":"default","adv-header-id-meta":"","stick-header-meta":"","header-above-stick-meta":"","header-main-stick-meta":"","header-below-stick-meta":"","astra-migrate-meta-layouts":"set","ast-page-background-enabled":"default","ast-page-background-meta":{"desktop":{"background-color":"","background-image":"","background-repeat":"repeat","background-position":"center center","background-size":"auto","background-attachment":"scroll","background-type":"","background-media":"","overlay-type":"","overlay-color":"","overlay-opacity":"","overlay-gradient":""},"tablet":{"background-color":"","background-image":"","background-repeat":"repeat","background-position":"center center","background-size":"auto","background-attachment":"scroll","background-type":"","background-media":"","overlay-type":"","overlay-color":"","overlay-opacity":"","overlay-gradient":""},"mobile":{"background-color":"","background-image":"","background-repeat":"repeat","background-position":"center center","background-size":"auto","background-attachment":"scroll","background-type":"","background-media":"","overlay-type":"","overlay-color":"","overlay-opacity":"","overlay-gradient":""}},"ast-content-background-meta":{"desktop":{"background-color":"var(--ast-global-color-5)","background-image":"","background-repeat":"repeat","background-position":"center center","background-size":"auto","background-attachment":"scroll","background-type":"","background-media":"","overlay-type":"","overlay-color":"","overlay-opacity":"","overlay-gradient":""},"tablet":{"background-color":"var(--ast-global-color-5)","background-image":"","background-repeat":"repeat","background-position":"center center","background-size":"auto","background-attachment":"scroll","background-type":"","background-media":"","overlay-type":"","overlay-color":"","overlay-opacity":"","overlay-gradient":""},"mobile":{"background-color":"var(--ast-global-color-5)","background-image":"","background-repeat":"repeat","background-position":"center center","background-size":"auto","background-attachment":"scroll","background-type":"","background-media":"","overlay-type":"","overlay-color":"","overlay-opacity":"","overlay-gradient":""}}},"product_brand":[],"product_cat":[989,176],"product_tag":[2370,1510,2371,2374,2367,2304,2372,2377,2366,2376,283,2369,2346,2368,1384,2375,2310,2373,2348,2378],"class_list":{"0":"post-7498","1":"product","2":"type-product","3":"status-publish","4":"has-post-thumbnail","6":"product_cat-logistica","7":"product_cat-power-bi","8":"product_tag-analise-de-combustivel-power-bi","9":"product_tag-analise-de-custos-power-bi","10":"product_tag-consumo-medio-power-bi","11":"product_tag-controle-de-abastecimento-frota","12":"product_tag-controle-de-abastecimento-power-bi","13":"product_tag-controle-de-frota-power-bi","14":"product_tag-controle-de-tanques-power-bi","15":"product_tag-controle-operacional-power-bi","16":"product_tag-dashboard-abastecimento-power-bi","17":"product_tag-dashboard-combustivel","18":"product_tag-dashboard-de-abastecimento","19":"product_tag-dashboard-frota-power-bi","20":"product_tag-dashboard-logistico-power-bi","21":"product_tag-gestao-de-combustivel-power-bi","22":"product_tag-gestao-de-transporte-power-bi","23":"product_tag-gestao-de-veiculos-power-bi","24":"product_tag-indicadores-de-frota-power-bi","25":"product_tag-power-bi-diesel-s10","26":"product_tag-power-bi-transporte","27":"product_tag-relatorios-de-abastecimento-power-bi","28":"desktop-align-left","29":"tablet-align-left","30":"mobile-align-left","32":"first","33":"instock","34":"virtual","35":"purchasable","36":"product-type-simple"},"_links":{"self":[{"href":"https:\/\/pacotedeplanilhas.com\/loja\/wp-json\/wp\/v2\/product\/7498","targetHints":{"allow":["GET"]}}],"collection":[{"href":"https:\/\/pacotedeplanilhas.com\/loja\/wp-json\/wp\/v2\/product"}],"about":[{"href":"https:\/\/pacotedeplanilhas.com\/loja\/wp-json\/wp\/v2\/types\/product"}],"replies":[{"embeddable":true,"href":"https:\/\/pacotedeplanilhas.com\/loja\/wp-json\/wp\/v2\/comments?post=7498"}],"version-history":[{"count":2,"href":"https:\/\/pacotedeplanilhas.com\/loja\/wp-json\/wp\/v2\/product\/7498\/revisions"}],"predecessor-version":[{"id":7507,"href":"https:\/\/pacotedeplanilhas.com\/loja\/wp-json\/wp\/v2\/product\/7498\/revisions\/7507"}],"wp:featuredmedia":[{"embeddable":true,"href":"https:\/\/pacotedeplanilhas.com\/loja\/wp-json\/wp\/v2\/media\/7499"}],"wp:attachment":[{"href":"https:\/\/pacotedeplanilhas.com\/loja\/wp-json\/wp\/v2\/media?parent=7498"}],"wp:term":[{"taxonomy":"product_brand","embeddable":true,"href":"https:\/\/pacotedeplanilhas.com\/loja\/wp-json\/wp\/v2\/product_brand?post=7498"},{"taxonomy":"product_cat","embeddable":true,"href":"https:\/\/pacotedeplanilhas.com\/loja\/wp-json\/wp\/v2\/product_cat?post=7498"},{"taxonomy":"product_tag","embeddable":true,"href":"https:\/\/pacotedeplanilhas.com\/loja\/wp-json\/wp\/v2\/product_tag?post=7498"}],"curies":[{"name":"wp","href":"https:\/\/api.w.org\/{rel}","templated":true}]}}