{"id":7612,"date":"2025-12-19T20:43:17","date_gmt":"2025-12-19T23:43:17","guid":{"rendered":"https:\/\/pacotedeplanilhas.com\/loja\/?post_type=product&#038;p=7612"},"modified":"2026-02-03T15:12:55","modified_gmt":"2026-02-03T18:12:55","slug":"planilha-dashboard-controle-de-treinamentos-1-6","status":"publish","type":"product","link":"https:\/\/pacotedeplanilhas.com\/loja\/store\/planilhas-em-excel\/planilha-dashboard-controle-de-treinamentos-1-6\/","title":{"rendered":"Planilha Dashboard Controle de Treinamentos 1.6"},"content":{"rendered":"<p>FA\u00c7A O CONTROLE E ACOMPANHAMENTO DE MATRIZ DE TREINAMENTOS DA SUA EMPRESA DE MANEIRA SIMPLES E R\u00c1PIDA.<\/p>\n<p>Funcionalidades<\/p>\n<p>Cadastro De Treinamentos:<\/p>\n<p>\u2013N\u00b0, treinamento, externo\/interno, empresa, validade(M\u00eas), observ\u00e7\u00e3o, Criterio de alerta amarelo (dias), Crit\u00e9rio de alerta vermelho (dias);<\/p>\n<p>Cadastros de Colaboladores:<\/p>\n<p>\u2013Matricula, Status, colaborador, Fun\u00e7\u00e3o, \u00e1rea;<\/p>\n<p>Lan\u00e7amentos<\/p>\n<p>C\u00e9lulas em cinza que tem preenchimento autom\u00e1tico<\/p>\n<p>\u2013Dados Dos Cursos: Valor, Validade Do Certificado (meses), Carga hor\u00e1ria (horas), Modalidade, Disponibilidade;<\/p>\n<p>Lan\u00e7amentos\u00a0 Treinamentos<\/p>\n<p>C\u00e9lulas em branco<\/p>\n<p>\u2013Matricula, treinamento, data do treinamento, horas curso, tipo, valor, treinamento feito, observa\u00e7\u00e3o;<\/p>\n<p>C\u00e9lulas em cinza que tem preenchimento autom\u00e1tico<\/p>\n<p>\u2013Status, colaborador, fun\u00e7\u00e3o, \u00e1rea, meses, data da pr\u00f3xima reciclagem, dias restantes, alerta amareli, alerta vermelho, status2, status3, horas decimais, m\u00eas, ano, vencidos;<\/p>\n<p>Dashboard Treinamentos<\/p>\n<p>Valores totais:<\/p>\n<p>\u2013Qtd atual funcion\u00e1rios; Qtd funcion\u00e1rios Treinados, Qtd treinamentos, Valor gasto, horas treinadas, Qtd de treinamentos vencidos, quantidade de treinamentos a vencer;<\/p>\n<p>Gr\u00e1ficos:<\/p>\n<p>\u2013Qtd de treinamento por M\u00eas, Treinamentos por \u00e1rea, Valor gasto com treinamento por M\u00eas, Top 5 -Treinamentos, Qtd de treinamentos por Status, funcion\u00e1rios com treinamentos vencidos;<\/p>\n<p>Filtros em forma de segmenta\u00e7\u00e3o de dados<\/p>\n<p>\u2013Ano, M\u00eas, treinamento, Colaborador, \u00c1rea, tipo, Status3;<\/p>\n<p><span style=\"font-size: 16px;\">Planilha 100% edit\u00e1vel<\/span><\/p>\n<p>PR\u00c9-REQUISITOS:<br \/>\nTer qualquer vers\u00e3o do EXCEL e POWER BI instalada no computador.<\/p>\n<p>VANTAGENS:<br \/>\nSimplicidade em usar e c\u00e1lculos precisos.<\/p>\n<p>INFORMA\u00c7\u00d5ES \u00daTEIS:<br \/>\nSuporte p\u00f3s-venda, via e-mail, para esclarecer quaisquer d\u00favidas que possam surgir. Planilha original, comercializada pelo pr\u00f3prio desenvolvedor.<\/p>\n<p>Video explicativo da planilha:<\/p>\n<div class=\"ast-oembed-container \" style=\"height: 100%;\"><iframe title=\"Planilha Dashboard Controle de Treinamentos 1.6\" width=\"500\" height=\"375\" src=\"https:\/\/www.youtube.com\/embed\/JbYYxySW0Ec?feature=oembed&#038;enablejsapi=1&#038;origin=https:\/\/pacotedeplanilhas.com\" frameborder=\"0\" allow=\"accelerometer; autoplay; clipboard-write; encrypted-media; gyroscope; picture-in-picture; web-share\" referrerpolicy=\"strict-origin-when-cross-origin\" allowfullscreen><\/iframe><\/div>\n","protected":false},"excerpt":{"rendered":"<p>FA\u00c7A O CONTROLE E ACOMPANHAMENTO DE MATRIZ DE TREINAMENTOS DA SUA EMPRESA DE MANEIRA SIMPLES E R\u00c1PIDA.<\/p>\n<p>&nbsp;<\/p>\n","protected":false},"featured_media":7617,"comment_status":"open","ping_status":"closed","template":"","meta":{"site-sidebar-layout":"default","site-content-layout":"default","ast-site-content-layout":"default","site-content-style":"default","site-sidebar-style":"default","ast-global-header-display":"","ast-banner-title-visibility":"","ast-main-header-display":"","ast-hfb-above-header-display":"","ast-hfb-below-header-display":"","ast-hfb-mobile-header-display":"","site-post-title":"","ast-breadcrumbs-content":"","ast-featured-img":"","footer-sml-layout":"","theme-transparent-header-meta":"default","adv-header-id-meta":"","stick-header-meta":"","header-above-stick-meta":"","header-main-stick-meta":"","header-below-stick-meta":"","astra-migrate-meta-layouts":"set","ast-page-background-enabled":"default","ast-page-background-meta":{"desktop":{"background-color":"","background-image":"","background-repeat":"repeat","background-position":"center center","background-size":"auto","background-attachment":"scroll","background-type":"","background-media":"","overlay-type":"","overlay-color":"","overlay-opacity":"","overlay-gradient":""},"tablet":{"background-color":"","background-image":"","background-repeat":"repeat","background-position":"center center","background-size":"auto","background-attachment":"scroll","background-type":"","background-media":"","overlay-type":"","overlay-color":"","overlay-opacity":"","overlay-gradient":""},"mobile":{"background-color":"","background-image":"","background-repeat":"repeat","background-position":"center center","background-size":"auto","background-attachment":"scroll","background-type":"","background-media":"","overlay-type":"","overlay-color":"","overlay-opacity":"","overlay-gradient":""}},"ast-content-background-meta":{"desktop":{"background-color":"var(--ast-global-color-5)","background-image":"","background-repeat":"repeat","background-position":"center center","background-size":"auto","background-attachment":"scroll","background-type":"","background-media":"","overlay-type":"","overlay-color":"","overlay-opacity":"","overlay-gradient":""},"tablet":{"background-color":"var(--ast-global-color-5)","background-image":"","background-repeat":"repeat","background-position":"center center","background-size":"auto","background-attachment":"scroll","background-type":"","background-media":"","overlay-type":"","overlay-color":"","overlay-opacity":"","overlay-gradient":""},"mobile":{"background-color":"var(--ast-global-color-5)","background-image":"","background-repeat":"repeat","background-position":"center center","background-size":"auto","background-attachment":"scroll","background-type":"","background-media":"","overlay-type":"","overlay-color":"","overlay-opacity":"","overlay-gradient":""}}},"product_brand":[],"product_cat":[120,994],"product_tag":[2472,616,2476,566,2474,193,2467,1322,1615,605,2470,2477,2473,325,327,2468,2480,1787,2479,1621,2475,2478,2469,2471],"class_list":{"0":"post-7612","1":"product","2":"type-product","3":"status-publish","4":"has-post-thumbnail","6":"product_cat-planilhas-em-excel","7":"product_cat-seguranca-do-trabalho","8":"product_tag-controle-de-capacitacao","9":"product_tag-controle-de-treinamentos","10":"product_tag-controle-de-validade-de-treinamentos","11":"product_tag-dashboard-interativo","12":"product_tag-dashboard-power-bi-treinamentos","13":"product_tag-dashboard-rh","14":"product_tag-dashboard-treinamentos","15":"product_tag-gestao-de-pessoas","16":"product_tag-gestao-de-treinamentos","17":"product_tag-gestao-empresarial","18":"product_tag-indicadores-de-treinamento","19":"product_tag-indicadores-rh","20":"product_tag-matriz-de-competencias","21":"product_tag-matriz-de-treinamentos","22":"product_tag-planilha-de-treinamentos","23":"product_tag-planilha-matriz-de-treinamentos","24":"product_tag-planilhas-direto-ao-ponto","25":"product_tag-rh-estrategico","26":"product_tag-seguranca-do-trabalho-treinamentos","27":"product_tag-treinamento-corporativo","28":"product_tag-treinamento-interno-e-externo","29":"product_tag-treinamento-obrigatorio","30":"product_tag-treinamento-rh","31":"product_tag-treinamentos-vencidos","32":"desktop-align-left","33":"tablet-align-left","34":"mobile-align-left","36":"first","37":"instock","38":"shipping-taxable","39":"purchasable","40":"product-type-simple"},"_links":{"self":[{"href":"https:\/\/pacotedeplanilhas.com\/loja\/wp-json\/wp\/v2\/product\/7612","targetHints":{"allow":["GET"]}}],"collection":[{"href":"https:\/\/pacotedeplanilhas.com\/loja\/wp-json\/wp\/v2\/product"}],"about":[{"href":"https:\/\/pacotedeplanilhas.com\/loja\/wp-json\/wp\/v2\/types\/product"}],"replies":[{"embeddable":true,"href":"https:\/\/pacotedeplanilhas.com\/loja\/wp-json\/wp\/v2\/comments?post=7612"}],"version-history":[{"count":3,"href":"https:\/\/pacotedeplanilhas.com\/loja\/wp-json\/wp\/v2\/product\/7612\/revisions"}],"predecessor-version":[{"id":7728,"href":"https:\/\/pacotedeplanilhas.com\/loja\/wp-json\/wp\/v2\/product\/7612\/revisions\/7728"}],"wp:featuredmedia":[{"embeddable":true,"href":"https:\/\/pacotedeplanilhas.com\/loja\/wp-json\/wp\/v2\/media\/7617"}],"wp:attachment":[{"href":"https:\/\/pacotedeplanilhas.com\/loja\/wp-json\/wp\/v2\/media?parent=7612"}],"wp:term":[{"taxonomy":"product_brand","embeddable":true,"href":"https:\/\/pacotedeplanilhas.com\/loja\/wp-json\/wp\/v2\/product_brand?post=7612"},{"taxonomy":"product_cat","embeddable":true,"href":"https:\/\/pacotedeplanilhas.com\/loja\/wp-json\/wp\/v2\/product_cat?post=7612"},{"taxonomy":"product_tag","embeddable":true,"href":"https:\/\/pacotedeplanilhas.com\/loja\/wp-json\/wp\/v2\/product_tag?post=7612"}],"curies":[{"name":"wp","href":"https:\/\/api.w.org\/{rel}","templated":true}]}}